Last updated on 2025-10-23 02:49:56 CEST.
Flavor | Version | Tinstall | Tcheck | Ttotal | Status | Flags |
---|---|---|---|---|---|---|
r-devel-linux-x86_64-debian-clang | 2.5.2 | 12.48 | 102.56 | 115.04 | NOTE | |
r-devel-linux-x86_64-debian-gcc | 2.5.2 | 8.85 | 69.39 | 78.24 | OK | |
r-devel-linux-x86_64-fedora-clang | 2.5.2 | 63.00 | 129.90 | 192.90 | OK | |
r-devel-linux-x86_64-fedora-gcc | 2.5.2 | 50.00 | 130.79 | 180.79 | OK | |
r-devel-windows-x86_64 | 2.5.2 | 14.00 | 110.00 | 124.00 | OK | |
r-patched-linux-x86_64 | 2.5.2 | 12.23 | 95.66 | 107.89 | OK | |
r-release-linux-x86_64 | 2.5.2 | 9.17 | 95.55 | 104.72 | OK | |
r-release-macos-arm64 | 2.5.2 | 4.00 | 36.00 | 40.00 | OK | |
r-release-macos-x86_64 | 2.5.2 | 10.00 | 72.00 | 82.00 | OK | |
r-release-windows-x86_64 | 2.5.2 | 13.00 | 112.00 | 125.00 | OK | |
r-oldrel-macos-arm64 | 2.5.2 | 7.00 | 44.00 | 51.00 | OK | |
r-oldrel-macos-x86_64 | 2.5.2 | 10.00 | 76.00 | 86.00 | OK | |
r-oldrel-windows-x86_64 | 2.5.2 | 20.00 | 142.00 | 162.00 | OK |
Version: 2.5.2
Check: HTML version of manual
Result: NOTE
Found the following HTML validation problems:
validate_abundance_data.html:50:1 (validate_abundance_data.Rd:12): Warning: missing </ul> before </div>
validate_group_sizes.html:51:1 (validate_group_sizes.Rd:12): Warning: missing </ul> before </div>
Flavor: r-devel-linux-x86_64-debian-clang