Last updated on 2025-04-29 01:49:34 CEST.
Flavor | Version | Tinstall | Tcheck | Ttotal | Status | Flags |
---|---|---|---|---|---|---|
r-devel-linux-x86_64-debian-clang | 0.1.0 | 5.82 | 71.23 | 77.05 | OK | |
r-devel-linux-x86_64-debian-gcc | 0.1.0 | 4.48 | 57.09 | 61.57 | NOTE | |
r-devel-linux-x86_64-fedora-clang | 0.1.0 | 120.30 | OK | |||
r-devel-linux-x86_64-fedora-gcc | 0.1.0 | 132.31 | OK | |||
r-devel-windows-x86_64 | 0.1.0 | 8.00 | 96.00 | 104.00 | OK | |
r-patched-linux-x86_64 | 0.1.0 | 5.40 | 76.00 | 81.40 | OK | |
r-release-linux-x86_64 | 0.1.0 | 6.04 | 74.86 | 80.90 | OK | |
r-release-macos-arm64 | 0.1.0 | 45.00 | OK | |||
r-release-macos-x86_64 | 0.1.0 | 101.00 | OK | |||
r-release-windows-x86_64 | 0.1.0 | 8.00 | 101.00 | 109.00 | OK | |
r-oldrel-macos-arm64 | 0.1.0 | 49.00 | OK | |||
r-oldrel-macos-x86_64 | 0.1.0 | 95.00 | OK | |||
r-oldrel-windows-x86_64 | 0.1.0 | 10.00 | 104.00 | 114.00 | OK |
Version: 0.1.0
Check: examples
Result: NOTE
Examples with CPU (user + system) or elapsed time > 5s
user system elapsed
rankRankPlot 6.147 0.307 9.494
rankScatterPlot 6.088 0.087 8.083
rankShiftPlot 5.677 0.085 7.433
Flavor: r-devel-linux-x86_64-debian-gcc