Last updated on 2025-10-25 01:51:01 CEST.
| Flavor | Version | Tinstall | Tcheck | Ttotal | Status | Flags |
|---|---|---|---|---|---|---|
| r-devel-linux-x86_64-debian-clang | 1.1.0 | 12.96 | 105.59 | 118.55 | NOTE | |
| r-devel-linux-x86_64-debian-gcc | 1.1.0 | 9.99 | 76.58 | 86.57 | NOTE | |
| r-devel-linux-x86_64-fedora-clang | 1.1.0 | 40.00 | 146.06 | 186.06 | OK | |
| r-devel-linux-x86_64-fedora-gcc | 1.1.0 | 26.00 | 143.35 | 169.35 | OK | |
| r-devel-windows-x86_64 | 1.1.0 | 13.00 | 102.00 | 115.00 | OK | |
| r-patched-linux-x86_64 | 1.1.0 | 12.58 | 100.02 | 112.60 | OK | |
| r-release-linux-x86_64 | 1.1.0 | 12.02 | 100.75 | 112.77 | OK | |
| r-release-macos-arm64 | 1.1.0 | 5.00 | 36.00 | 41.00 | OK | |
| r-release-macos-x86_64 | 1.1.0 | 10.00 | 75.00 | 85.00 | OK | |
| r-release-windows-x86_64 | 1.1.0 | 13.00 | 104.00 | 117.00 | OK | |
| r-oldrel-macos-arm64 | 1.1.0 | 5.00 | 42.00 | 47.00 | OK | |
| r-oldrel-macos-x86_64 | 1.1.0 | 10.00 | 71.00 | 81.00 | OK | |
| r-oldrel-windows-x86_64 | 1.1.0 | 19.00 | 137.00 | 156.00 | OK |
Version: 1.1.0
Check: CRAN incoming feasibility
Result: NOTE
Maintainer: ‘Stéphane Laurent <laurent_step@outlook.fr>’
No Authors@R field in DESCRIPTION.
Please add one, modifying
Authors@R: person(given = "Stéphane",
family = "Laurent",
role = c("aut", "cre"),
email = "laurent_step@outlook.fr")
as necessary.
Flavors: r-devel-linux-x86_64-debian-clang, r-devel-linux-x86_64-debian-gcc