Last updated on 2025-10-24 01:50:28 CEST.
| Flavor | Version | Tinstall | Tcheck | Ttotal | Status | Flags |
|---|---|---|---|---|---|---|
| r-devel-linux-x86_64-debian-clang | 1.6.12 | 149.45 | 108.58 | 258.03 | OK | |
| r-devel-linux-x86_64-debian-gcc | 1.6.12 | 87.12 | 70.49 | 157.61 | OK | |
| r-devel-linux-x86_64-fedora-clang | 1.6.12 | 487.00 | 19.98 | 506.98 | OK | |
| r-devel-linux-x86_64-fedora-gcc | 1.6.12 | 236.00 | 194.39 | 430.39 | OK | |
| r-devel-windows-x86_64 | 1.6.12 | 171.00 | 131.00 | 302.00 | OK | |
| r-patched-linux-x86_64 | 1.6.12 | 147.77 | 101.52 | 249.29 | OK | |
| r-release-linux-x86_64 | 1.6.12 | 145.85 | 100.82 | 246.67 | OK | |
| r-release-macos-arm64 | 1.6.12 | 47.00 | 44.00 | 91.00 | OK | |
| r-release-macos-x86_64 | 1.6.12 | 51.00 | 114.00 | 165.00 | OK | |
| r-release-windows-x86_64 | 1.6.12 | 175.00 | 127.00 | 302.00 | OK | |
| r-oldrel-macos-arm64 | 1.6.12 | 47.00 | 53.00 | 100.00 | NOTE | |
| r-oldrel-macos-x86_64 | 1.6.12 | 47.00 | 87.00 | 134.00 | NOTE | |
| r-oldrel-windows-x86_64 | 1.6.12 | 206.00 | 174.00 | 380.00 | OK |
Version: 1.6.12
Check: installed package size
Result: NOTE
installed size is 7.6Mb
sub-directories of 1Mb or more:
libs 5.9Mb
Flavors: r-oldrel-macos-arm64, r-oldrel-macos-x86_64