Last updated on 2025-10-27 02:49:25 CET.
| Flavor | Version | Tinstall | Tcheck | Ttotal | Status | Flags |
|---|---|---|---|---|---|---|
| r-devel-linux-x86_64-debian-clang | 1.0 | 14.45 | 114.66 | 129.11 | NOTE | |
| r-devel-linux-x86_64-debian-gcc | 1.0 | 10.22 | 81.41 | 91.63 | NOTE | |
| r-devel-linux-x86_64-fedora-clang | 1.0 | 65.00 | 140.29 | 205.29 | NOTE | |
| r-devel-linux-x86_64-fedora-gcc | 1.0 | 83.00 | 117.34 | 200.34 | NOTE | |
| r-devel-windows-x86_64 | 1.0 | 16.00 | 106.00 | 122.00 | OK | |
| r-patched-linux-x86_64 | 1.0 | 11.95 | 106.51 | 118.46 | OK | |
| r-release-linux-x86_64 | 1.0 | 14.21 | 106.18 | 120.39 | OK | |
| r-release-macos-arm64 | 1.0 | 6.00 | 40.00 | 46.00 | OK | |
| r-release-macos-x86_64 | 1.0 | 12.00 | 77.00 | 89.00 | OK | |
| r-release-windows-x86_64 | 1.0 | 15.00 | 109.00 | 124.00 | OK | |
| r-oldrel-macos-arm64 | 1.0 | 7.00 | 50.00 | 57.00 | OK | |
| r-oldrel-macos-x86_64 | 1.0 | 17.00 | 98.00 | 115.00 | OK | |
| r-oldrel-windows-x86_64 | 1.0 | 21.00 | 144.00 | 165.00 | OK |
Version: 1.0
Check: Rd files
Result: NOTE
checkRd: (-1) gomp-package.Rd:11-17: Only 3 columns allowed in this table (row 1 has 2)
checkRd: (-1) gomp-package.Rd:11-17: Only 3 columns allowed in this table (row 2 has 2)
checkRd: (-1) gomp-package.Rd:11-17: Only 3 columns allowed in this table (row 3 has 2)
checkRd: (-1) gomp-package.Rd:11-17: Only 3 columns allowed in this table (row 4 has 2)
checkRd: (-1) gomp-package.Rd:11-17: Only 3 columns allowed in this table (row 5 has 2)
Flavors: r-devel-linux-x86_64-debian-clang, r-devel-linux-x86_64-debian-gcc, r-devel-linux-x86_64-fedora-clang, r-devel-linux-x86_64-fedora-gcc