CRAN Package Check Results for Package greenfeedr

Last updated on 2025-05-01 01:49:33 CEST.

Flavor Version Tinstall Tcheck Ttotal Status Flags
r-devel-linux-x86_64-debian-clang 1.2.1 8.44 96.63 105.07 NOTE
r-devel-linux-x86_64-debian-gcc 1.2.1 5.95 68.67 74.62 OK
r-devel-linux-x86_64-fedora-clang 1.2.1 159.58 OK
r-devel-linux-x86_64-fedora-gcc 1.2.1 157.67 OK
r-devel-windows-x86_64 1.2.1 10.00 117.00 127.00 OK
r-patched-linux-x86_64 1.2.1 6.88 86.99 93.87 OK
r-release-linux-x86_64 1.2.1 8.60 87.73 96.33 OK
r-release-macos-arm64 1.2.1 48.00 OK
r-release-macos-x86_64 1.2.1 99.00 OK
r-release-windows-x86_64 1.2.1 11.00 113.00 124.00 OK
r-oldrel-macos-arm64 1.2.1 57.00 OK
r-oldrel-macos-x86_64 1.2.1 101.00 OK
r-oldrel-windows-x86_64 1.2.1 13.00 128.00 141.00 OK

Check Details

Version: 1.2.1
Check: examples
Result: NOTE Examples with CPU (user + system) or elapsed time > 5s user system elapsed eval_gfparam 6.551 0.235 8.919 Flavor: r-devel-linux-x86_64-debian-clang

Version: 1.2.1
Check: examples
Result: NA user system elapsed eval_gfparam 4.504 0.258 6.847 OK Flavor: r-devel-linux-x86_64-debian-gcc