Last updated on 2025-10-23 02:49:56 CEST.
Flavor | Version | Tinstall | Tcheck | Ttotal | Status | Flags |
---|---|---|---|---|---|---|
r-devel-linux-x86_64-debian-clang | 2.4.0 | 18.95 | 371.59 | 390.54 | NOTE | |
r-devel-linux-x86_64-debian-gcc | 2.4.0 | 13.31 | 231.33 | 244.64 | OK | |
r-devel-linux-x86_64-fedora-clang | 2.4.0 | 101.00 | 535.33 | 636.33 | OK | |
r-devel-linux-x86_64-fedora-gcc | 2.4.0 | 96.00 | 527.88 | 623.88 | OK | |
r-devel-windows-x86_64 | 2.4.0 | 20.00 | 341.00 | 361.00 | OK | |
r-patched-linux-x86_64 | 2.4.0 | 22.59 | 340.54 | 363.13 | OK | |
r-release-linux-x86_64 | 2.4.0 | 16.90 | 342.04 | 358.94 | OK | |
r-release-macos-arm64 | 2.4.0 | 8.00 | 153.00 | 161.00 | OK | |
r-release-macos-x86_64 | 2.4.0 | 26.00 | 295.00 | 321.00 | OK | |
r-release-windows-x86_64 | 2.4.0 | 21.00 | 332.00 | 353.00 | OK | |
r-oldrel-macos-arm64 | 2.4.0 | 8.00 | 150.00 | 158.00 | OK | |
r-oldrel-macos-x86_64 | 2.4.0 | 16.00 | 269.00 | 285.00 | OK | |
r-oldrel-windows-x86_64 | 2.4.0 | 29.00 | 482.00 | 511.00 | OK |
Version: 2.4.0
Check: HTML version of manual
Result: NOTE
Found the following HTML validation problems:
deprecated_ci_column.html:176:1 (deprecated_ci_column.Rd:76): Warning: missing </ul> before </div>
deprecated_ci_column.html:97:1 (deprecated_ci_column.Rd:50): Warning: <h4> anchor "+E2+80+98modify_spanning_header+28+29+E2+80+99" already defined
tests.html:439:1 (tests.Rd:165): Warning: missing </ul> before </div>
Flavor: r-devel-linux-x86_64-debian-clang