Last updated on 2025-05-01 01:49:34 CEST.
Flavor | Version | Tinstall | Tcheck | Ttotal | Status | Flags |
---|---|---|---|---|---|---|
r-devel-linux-x86_64-debian-clang | 1.0.3 | 2.54 | 178.53 | 181.07 | NOTE | |
r-devel-linux-x86_64-debian-gcc | 1.0.3 | 1.96 | 117.66 | 119.62 | NOTE | |
r-devel-linux-x86_64-fedora-clang | 1.0.3 | 291.65 | NOTE | |||
r-devel-linux-x86_64-fedora-gcc | 1.0.3 | 296.41 | NOTE | |||
r-devel-windows-x86_64 | 1.0.3 | 7.00 | 184.00 | 191.00 | NOTE | |
r-patched-linux-x86_64 | 1.0.3 | 4.01 | 170.03 | 174.04 | NOTE | |
r-release-linux-x86_64 | 1.0.3 | 2.78 | 168.85 | 171.63 | NOTE | |
r-release-macos-arm64 | 1.0.3 | 80.00 | NOTE | |||
r-release-macos-x86_64 | 1.0.3 | 146.00 | NOTE | |||
r-release-windows-x86_64 | 1.0.3 | 6.00 | 186.00 | 192.00 | NOTE | |
r-oldrel-macos-arm64 | 1.0.3 | 79.00 | NOTE | |||
r-oldrel-macos-x86_64 | 1.0.3 | 124.00 | NOTE | |||
r-oldrel-windows-x86_64 | 1.0.3 | 6.00 | 239.00 | 245.00 | NOTE |
Version: 1.0.3
Check: Rd files
Result: NOTE
checkRd: (-1) predictPair.Rd:20: Lost braces; missing escapes or markup?
20 | A number in the set {-1, 0, 1}, where 1 means row1 is predicted to
| ^
checkRd: (-1) predictPairInternal.Rd:18: Lost braces; missing escapes or markup?
18 | A number in the set {-1, 0, 1}, where 1 means row1 is predicted to
| ^
Flavors: r-devel-linux-x86_64-debian-clang, r-devel-linux-x86_64-debian-gcc, r-devel-linux-x86_64-fedora-clang, r-devel-linux-x86_64-fedora-gcc, r-devel-windows-x86_64, r-patched-linux-x86_64, r-release-linux-x86_64, r-release-macos-arm64, r-release-macos-x86_64, r-release-windows-x86_64, r-oldrel-macos-arm64, r-oldrel-macos-x86_64, r-oldrel-windows-x86_64