Last updated on 2025-11-02 02:50:47 CET.
| Flavor | Version | Tinstall | Tcheck | Ttotal | Status | Flags |
|---|---|---|---|---|---|---|
| r-devel-linux-x86_64-debian-clang | 1.0.0 | 3.13 | 40.40 | 43.53 | OK | |
| r-devel-linux-x86_64-debian-gcc | 1.0.0 | 2.00 | 30.83 | 32.83 | OK | |
| r-devel-linux-x86_64-fedora-clang | 1.0.0 | 64.35 | OK | |||
| r-devel-linux-x86_64-fedora-gcc | 1.0.0 | 60.81 | OK | |||
| r-devel-windows-x86_64 | 1.0.0 | 4.00 | 56.00 | 60.00 | OK | |
| r-patched-linux-x86_64 | 1.0.0 | 3.25 | 37.45 | 40.70 | OK | |
| r-release-linux-x86_64 | 1.0.0 | 2.89 | 37.06 | 39.95 | OK | |
| r-release-macos-arm64 | 1.0.0 | 2.00 | 24.00 | 26.00 | OK | |
| r-release-macos-x86_64 | 1.0.0 | 5.00 | 51.00 | 56.00 | OK | |
| r-release-windows-x86_64 | 1.0.0 | 4.00 | 54.00 | 58.00 | OK | |
| r-oldrel-macos-arm64 | 1.0.0 | 2.00 | 32.00 | 34.00 | NOTE | |
| r-oldrel-macos-x86_64 | 1.0.0 | 2.00 | 41.00 | 43.00 | NOTE | |
| r-oldrel-windows-x86_64 | 1.0.0 | 6.00 | 66.00 | 72.00 | NOTE |
Version: 1.0.0
Check: package dependencies
Result: NOTE
Packages suggested but not available for checking: 'hubExamples', 'hubVis'
Flavors: r-oldrel-macos-arm64, r-oldrel-macos-x86_64, r-oldrel-windows-x86_64