CRAN Package Check Results for Package hyper2

Last updated on 2025-04-29 01:49:35 CEST.

Flavor Version Tinstall Tcheck Ttotal Status Flags
r-devel-linux-x86_64-debian-clang 3.1-0 29.23 335.73 364.96 NOTE
r-devel-linux-x86_64-debian-gcc 3.1-0 22.83 228.08 250.91 NOTE
r-devel-linux-x86_64-fedora-clang 3.1-0 623.26 NOTE
r-devel-linux-x86_64-fedora-gcc 3.1-0 576.36 NOTE
r-devel-windows-x86_64 3.1-0 40.00 373.00 413.00 NOTE
r-patched-linux-x86_64 3.1-0 32.88 320.69 353.57 NOTE
r-release-linux-x86_64 3.1-0 32.93 316.32 349.25 NOTE
r-release-macos-arm64 3.1-0 166.00 NOTE
r-release-macos-x86_64 3.1-0 347.00 NOTE
r-release-windows-x86_64 3.1-0 38.00 374.00 412.00 NOTE
r-oldrel-macos-arm64 3.1-0 152.00 OK
r-oldrel-macos-x86_64 3.1-0 583.00 OK
r-oldrel-windows-x86_64 3.1-0 48.00 494.00 542.00 OK

Check Details

Version: 3.1-0
Check: DESCRIPTION meta-information
Result: NOTE Missing dependency on R >= 4.1.0 because package code uses the pipe |> or function shorthand \(...) syntax added in R 4.1.0. File(s) using such syntax: ‘psubs.Rd’ ‘pwa.Rd’ ‘tennis.Rd’ Flavors: r-devel-linux-x86_64-debian-clang, r-devel-linux-x86_64-debian-gcc, r-devel-linux-x86_64-fedora-clang, r-devel-linux-x86_64-fedora-gcc, r-devel-windows-x86_64, r-patched-linux-x86_64, r-release-linux-x86_64, r-release-macos-arm64, r-release-macos-x86_64, r-release-windows-x86_64

Version: 3.1-0
Check: examples
Result: NOTE Examples with CPU (user + system) or elapsed time > 5s user system elapsed loglik 4.271 0.067 6.591 Flavor: r-devel-linux-x86_64-debian-gcc