CRAN Package Check Results for Package hypr

Last updated on 2025-04-15 01:50:34 CEST.

Flavor Version Tinstall Tcheck Ttotal Status Flags
r-devel-linux-x86_64-debian-clang 0.2.8 9.53 74.83 84.36 NOTE
r-devel-linux-x86_64-debian-gcc 0.2.8 7.48 57.82 65.30 NOTE
r-devel-linux-x86_64-fedora-clang 0.2.8 135.74 NOTE
r-devel-linux-x86_64-fedora-gcc 0.2.8 144.36 NOTE
r-devel-windows-x86_64 0.2.8 10.00 86.00 96.00 NOTE
r-patched-linux-x86_64 0.2.8 9.77 73.43 83.20 NOTE
r-release-linux-x86_64 0.2.8 10.33 72.74 83.07 NOTE
r-release-macos-arm64 0.2.8 56.00 NOTE
r-release-macos-x86_64 0.2.8 96.00 NOTE
r-release-windows-x86_64 0.2.8 11.00 87.00 98.00 NOTE
r-oldrel-macos-arm64 0.2.8 46.00 OK
r-oldrel-macos-x86_64 0.2.8 73.00 OK
r-oldrel-windows-x86_64 0.2.8 14.00 107.00 121.00 OK

Check Details

Version: 0.2.8
Check: DESCRIPTION meta-information
Result: NOTE Missing dependency on R >= 4.1.0 because package code uses the pipe |> or function shorthand \(...) syntax added in R 4.1.0. File(s) using such syntax: ‘equations.R’ Flavors: r-devel-linux-x86_64-debian-clang, r-devel-linux-x86_64-debian-gcc, r-devel-linux-x86_64-fedora-clang, r-devel-linux-x86_64-fedora-gcc, r-devel-windows-x86_64, r-patched-linux-x86_64, r-release-linux-x86_64, r-release-macos-arm64, r-release-macos-x86_64, r-release-windows-x86_64