Last updated on 2025-10-25 01:51:03 CEST.
| Flavor | Version | Tinstall | Tcheck | Ttotal | Status | Flags |
|---|---|---|---|---|---|---|
| r-devel-linux-x86_64-debian-clang | 0.5.5 | 8.11 | 62.80 | 70.91 | NOTE | |
| r-devel-linux-x86_64-debian-gcc | 0.5.5 | 5.46 | 43.49 | 48.95 | NOTE | |
| r-devel-linux-x86_64-fedora-clang | 0.5.5 | 22.00 | 87.22 | 109.22 | OK | |
| r-devel-linux-x86_64-fedora-gcc | 0.5.5 | 21.00 | 78.47 | 99.47 | OK | |
| r-devel-windows-x86_64 | 0.5.5 | 10.00 | 70.00 | 80.00 | OK | |
| r-patched-linux-x86_64 | 0.5.5 | 8.27 | 57.82 | 66.09 | OK | |
| r-release-linux-x86_64 | 0.5.5 | 7.09 | 57.91 | 65.00 | OK | |
| r-release-macos-arm64 | 0.5.5 | 3.00 | 24.00 | 27.00 | OK | |
| r-release-macos-x86_64 | 0.5.5 | 5.00 | 49.00 | 54.00 | OK | |
| r-release-windows-x86_64 | 0.5.5 | 10.00 | 73.00 | 83.00 | OK | |
| r-oldrel-macos-arm64 | 0.5.5 | 3.00 | 23.00 | 26.00 | OK | |
| r-oldrel-macos-x86_64 | 0.5.5 | 4.00 | 37.00 | 41.00 | OK | |
| r-oldrel-windows-x86_64 | 0.5.5 | 12.00 | 93.00 | 105.00 | OK |
Version: 0.5.5
Check: CRAN incoming feasibility
Result: NOTE
Maintainer: ‘Kai Wang <kai-wang@uiowa.edu>’
No Authors@R field in DESCRIPTION.
Please add one, modifying
Authors@R: c(person(given = c("Dr.", "Kai"),
family = "Wang",
role = "aut"),
person(given = "Kai",
family = "Wang",
role = "cre",
email = "kai-wang@uiowa.edu"))
as necessary.
Flavors: r-devel-linux-x86_64-debian-clang, r-devel-linux-x86_64-debian-gcc