Last updated on 2025-05-02 02:50:57 CEST.
Flavor | Version | Tinstall | Tcheck | Ttotal | Status | Flags |
---|---|---|---|---|---|---|
r-devel-linux-x86_64-debian-clang | 1.0.0 | 1.51 | 21.36 | 22.87 | NOTE | |
r-devel-linux-x86_64-debian-gcc | 1.0.0 | 1.28 | 17.88 | 19.16 | NOTE | |
r-devel-linux-x86_64-fedora-clang | 1.0.0 | 34.21 | OK | |||
r-devel-linux-x86_64-fedora-gcc | 1.0.0 | 32.83 | OK | |||
r-devel-windows-x86_64 | 1.0.0 | 3.00 | 46.00 | 49.00 | OK | |
r-patched-linux-x86_64 | 1.0.0 | 1.67 | 19.26 | 20.93 | OK | |
r-release-linux-x86_64 | OK | |||||
r-release-macos-arm64 | 1.0.0 | 16.00 | OK | |||
r-release-macos-x86_64 | 1.0.0 | 29.00 | OK | |||
r-release-windows-x86_64 | 1.0.0 | 3.00 | 53.00 | 56.00 | OK | |
r-oldrel-macos-arm64 | 1.0.0 | 15.00 | OK | |||
r-oldrel-macos-x86_64 | 1.0.0 | 22.00 | OK | |||
r-oldrel-windows-x86_64 | 1.0.0 | 2.00 | 46.00 | 48.00 | OK |
Version: 1.0.0
Check: CRAN incoming feasibility
Result: NOTE
Maintainer: ‘Erik Doffagne <erik.doffagne@gmail.com>’
No Authors@R field in DESCRIPTION.
Please add one, modifying
Authors@R: person(given = "Erik",
family = "Doffagne",
role = c("aut", "cre"),
email = "erik.doffagne@gmail.com")
as necessary.
Flavors: r-devel-linux-x86_64-debian-clang, r-devel-linux-x86_64-debian-gcc