CRAN Package Check Results for Package iglu

Last updated on 2025-05-01 01:49:34 CEST.

Flavor Version Tinstall Tcheck Ttotal Status Flags
r-devel-linux-x86_64-debian-clang 4.2.2 13.18 213.60 226.78 NOTE
r-devel-linux-x86_64-debian-gcc 4.2.2 7.87 146.11 153.98 OK
r-devel-linux-x86_64-fedora-clang 4.2.2 339.77 OK
r-devel-linux-x86_64-fedora-gcc 4.2.2 338.40 OK
r-devel-windows-x86_64 4.2.2 15.00 239.00 254.00 OK
r-patched-linux-x86_64 4.2.2 13.78 204.31 218.09 OK
r-release-linux-x86_64 4.2.2 11.91 202.82 214.73 OK
r-release-macos-arm64 4.2.2 185.00 OK
r-release-macos-x86_64 4.2.2 189.00 OK
r-release-windows-x86_64 4.2.2 15.00 241.00 256.00 OK
r-oldrel-macos-arm64 4.2.2 78.00 OK
r-oldrel-macos-x86_64 4.2.2 118.00 OK
r-oldrel-windows-x86_64 4.2.2 18.00 280.00 298.00 OK

Check Details

Version: 4.2.2
Check: examples
Result: NOTE Examples with CPU (user + system) or elapsed time > 5s user system elapsed mage 7.264 0.039 9.107 plot_daily 4.494 0.013 5.454 Flavor: r-devel-linux-x86_64-debian-clang