Last updated on 2025-10-25 01:51:03 CEST.
| Flavor | Version | Tinstall | Tcheck | Ttotal | Status | Flags |
|---|---|---|---|---|---|---|
| r-devel-linux-x86_64-debian-clang | 3.1.3 | 5.19 | 68.68 | 73.87 | OK | |
| r-devel-linux-x86_64-debian-gcc | 3.1.3 | 4.86 | 54.92 | 59.78 | OK | |
| r-devel-linux-x86_64-fedora-clang | 3.1.3 | 18.00 | 96.10 | 114.10 | OK | |
| r-devel-linux-x86_64-fedora-gcc | 3.1.3 | 15.00 | 105.49 | 120.49 | OK | |
| r-devel-windows-x86_64 | 3.1.3 | 13.00 | 112.00 | 125.00 | OK | |
| r-patched-linux-x86_64 | 3.1.3 | 6.19 | 65.19 | 71.38 | OK | |
| r-release-linux-x86_64 | 3.1.3 | 5.54 | 65.14 | 70.68 | OK | |
| r-release-macos-arm64 | 3.1.3 | 5.00 | 41.00 | 46.00 | OK | |
| r-release-macos-x86_64 | 3.1.3 | 12.00 | 104.00 | 116.00 | OK | |
| r-release-windows-x86_64 | 3.1.3 | 15.00 | 108.00 | 123.00 | OK | |
| r-oldrel-macos-arm64 | 3.1.3 | 6.00 | 46.00 | 52.00 | NOTE | |
| r-oldrel-macos-x86_64 | 3.1.3 | 10.00 | 92.00 | 102.00 | NOTE | |
| r-oldrel-windows-x86_64 | 3.1.3 | 16.00 | 131.00 | 147.00 | OK |
Version: 3.1.3
Check: installed package size
Result: NOTE
installed size is 8.0Mb
sub-directories of 1Mb or more:
libs 6.1Mb
Flavors: r-oldrel-macos-arm64, r-oldrel-macos-x86_64