CRAN Package Check Results for Package imager

Last updated on 2025-10-22 01:51:27 CEST.

Flavor Version Tinstall Tcheck Ttotal Status Flags
r-devel-linux-x86_64-debian-clang 1.0.5 133.88 173.41 307.29 NOTE
r-devel-linux-x86_64-debian-gcc 1.0.5 151.99 128.83 280.82 NOTE
r-devel-linux-x86_64-fedora-clang 1.0.5 388.00 107.81 495.81 OK
r-devel-linux-x86_64-fedora-gcc 1.0.5 494.00 174.44 668.44 OK
r-devel-windows-x86_64 1.0.5 197.00 266.00 463.00 OK
r-patched-linux-x86_64 1.0.5 207.75 169.78 377.53 OK
r-release-linux-x86_64 1.0.5 204.54 173.60 378.14 OK
r-release-macos-arm64 1.0.5 56.00 83.00 139.00 OK
r-release-macos-x86_64 1.0.5 114.00 169.00 283.00 OK
r-release-windows-x86_64 1.0.5 203.00 260.00 463.00 OK
r-oldrel-macos-arm64 1.0.5 47.00 81.00 128.00 NOTE
r-oldrel-macos-x86_64 1.0.5 125.00 171.00 296.00 NOTE
r-oldrel-windows-x86_64 1.0.5 247.00 328.00 575.00 NOTE

Check Details

Version: 1.0.5
Check: HTML version of manual
Result: NOTE Found the following HTML validation problems: diffusion_tensors.html:73:1 (diffusion_tensors.Rd:27): Warning: missing </ul> before </div> displacement.html:78:1 (displacement.Rd:30): Warning: missing </ul> before </div> get_hessian.html:50:1 (get_hessian.Rd:12): Warning: missing </ul> before </div> play.html:58:1 (play.Rd:16): Warning: missing </ul> before </div> Flavors: r-devel-linux-x86_64-debian-clang, r-devel-linux-x86_64-debian-gcc

Version: 1.0.5
Check: installed package size
Result: NOTE installed size is 28.6Mb sub-directories of 1Mb or more: data 1.4Mb doc 3.7Mb extdata 1.0Mb include 3.3Mb libs 18.5Mb Flavors: r-oldrel-macos-arm64, r-oldrel-macos-x86_64, r-oldrel-windows-x86_64