Last updated on 2025-10-17 02:50:27 CEST.
Flavor | Version | Tinstall | Tcheck | Ttotal | Status | Flags |
---|---|---|---|---|---|---|
r-devel-linux-x86_64-debian-clang | 0.1.4 | 6.68 | 95.14 | 101.82 | OK | |
r-devel-linux-x86_64-debian-gcc | 0.1.4 | 5.35 | 71.55 | 76.90 | OK | |
r-devel-linux-x86_64-fedora-clang | 0.1.4 | 148.20 | OK | |||
r-devel-linux-x86_64-fedora-gcc | 0.1.4 | 152.16 | OK | |||
r-devel-windows-x86_64 | 0.1.4 | 8.00 | 94.00 | 102.00 | OK | |
r-patched-linux-x86_64 | 0.1.4 | 6.86 | 87.21 | 94.07 | OK | |
r-release-linux-x86_64 | 0.1.4 | 6.51 | 87.59 | 94.10 | OK | |
r-release-macos-arm64 | 0.1.4 | 58.00 | OK | |||
r-release-macos-x86_64 | 0.1.4 | 116.00 | OK | |||
r-release-windows-x86_64 | 0.1.4 | 10.00 | 100.00 | 110.00 | OK | |
r-oldrel-macos-arm64 | 0.1.4 | 62.00 | OK | |||
r-oldrel-macos-x86_64 | 0.1.4 | 114.00 | OK | |||
r-oldrel-windows-x86_64 | 0.1.4 | 10.00 | 104.00 | 114.00 | ERROR |
Version: 0.1.4
Check: re-building of vignette outputs
Result: ERROR
Error(s) in re-building vignettes:
--- re-building 'ineAtlas-income-voting.Rmd' using rmarkdown
Quitting from ineAtlas-income-voting.Rmd:49-56 [elections-data]
~~~~~~~~~~~~~~~~~~~~~~~~~~~~~~~~~~~~~~~~~~~~~~~~~~~~~~~~~~~~~~~~~~~~~~~~~~~~~~~~
<error/rlang_error>
Error in `download.file()`:
! cannot open URL 'https://datos.comunidad.madrid/catalogo/dataset/08aac4de-ca28-4f9c-b45d-ef8457c4b5d2/resource/5e8cf4ad-b9f4-4ffd-a026-c27433e7815f/download/datos_electorales_elecciones_autonomicas_comunidad_de_madrid_2021.csv'
---
Backtrace:
▆
1. ├─... %>% as_tibble()
2. ├─tibble::as_tibble(.)
3. └─data.table::fread(...)
4. └─utils::download.file(...)
~~~~~~~~~~~~~~~~~~~~~~~~~~~~~~~~~~~~~~~~~~~~~~~~~~~~~~~~~~~~~~~~~~~~~~~~~~~~~~~~
Error: processing vignette 'ineAtlas-income-voting.Rmd' failed with diagnostics:
cannot open URL 'https://datos.comunidad.madrid/catalogo/dataset/08aac4de-ca28-4f9c-b45d-ef8457c4b5d2/resource/5e8cf4ad-b9f4-4ffd-a026-c27433e7815f/download/datos_electorales_elecciones_autonomicas_comunidad_de_madrid_2021.csv'
--- failed re-building 'ineAtlas-income-voting.Rmd'
--- re-building 'mapping-with-ineatlas.Rmd' using rmarkdown
Warning in grid.Call(C_textBounds, as.graphicsAnnot(x$label), x$x, x$y, :
font family not found in Windows font database
Warning in grid.Call.graphics(C_text, as.graphicsAnnot(x$label), x$x, x$y, :
font family not found in Windows font database
Warning in grid.Call.graphics(C_text, as.graphicsAnnot(x$label), x$x, x$y, :
font family not found in Windows font database
Warning in grid.Call.graphics(C_text, as.graphicsAnnot(x$label), x$x, x$y, :
font family not found in Windows font database
Warning in grid.Call.graphics(C_text, as.graphicsAnnot(x$label), x$x, x$y, :
font family not found in Windows font database
--- finished re-building 'mapping-with-ineatlas.Rmd'
SUMMARY: processing the following file failed:
'ineAtlas-income-voting.Rmd'
Error: Vignette re-building failed.
Execution halted
Flavor: r-oldrel-windows-x86_64