Last updated on 2025-10-22 01:51:28 CEST.
Flavor | Version | Tinstall | Tcheck | Ttotal | Status | Flags |
---|---|---|---|---|---|---|
r-devel-linux-x86_64-debian-clang | 0.1.2 | 55.31 | 29.31 | 84.62 | OK | |
r-devel-linux-x86_64-debian-gcc | 0.1.2 | 39.54 | 22.82 | 62.36 | OK | |
r-devel-linux-x86_64-fedora-clang | 0.1.2 | 207.00 | -29.66 | 177.34 | OK | |
r-devel-linux-x86_64-fedora-gcc | 0.1.2 | 143.00 | 12.63 | 155.63 | OK | |
r-devel-windows-x86_64 | 0.1.2 | 63.00 | 61.00 | 124.00 | OK | |
r-patched-linux-x86_64 | 0.1.2 | 59.77 | 27.37 | 87.14 | OK | |
r-release-linux-x86_64 | 0.1.2 | 56.92 | 27.34 | 84.26 | OK | |
r-release-macos-arm64 | 0.1.2 | 20.00 | 18.00 | 38.00 | OK | |
r-release-macos-x86_64 | 0.1.2 | 20.00 | 30.00 | 50.00 | OK | |
r-release-windows-x86_64 | 0.1.2 | 67.00 | 64.00 | 131.00 | OK | |
r-oldrel-macos-arm64 | 0.1.2 | 24.00 | 17.00 | 41.00 | NOTE | |
r-oldrel-macos-x86_64 | 0.1.2 | 20.00 | 25.00 | 45.00 | NOTE | |
r-oldrel-windows-x86_64 | 0.1.2 | 66.00 | 80.00 | 146.00 | NOTE |
Version: 0.1.2
Check: LazyData
Result: NOTE
'LazyData' is specified without a 'data' directory
Flavors: r-oldrel-macos-arm64, r-oldrel-macos-x86_64, r-oldrel-windows-x86_64