Last updated on 2025-10-23 02:49:58 CEST.
Flavor | Version | Tinstall | Tcheck | Ttotal | Status | Flags |
---|---|---|---|---|---|---|
r-devel-linux-x86_64-debian-clang | 1.0.1 | 6.56 | 65.39 | 71.95 | OK | |
r-devel-linux-x86_64-debian-gcc | 1.0.1 | 4.98 | 44.30 | 49.28 | OK | |
r-devel-linux-x86_64-fedora-clang | 1.0.1 | 52.00 | 63.17 | 115.17 | OK | |
r-devel-linux-x86_64-fedora-gcc | 1.0.1 | 14.00 | 94.31 | 108.31 | OK | |
r-devel-windows-x86_64 | 1.0.1 | 7.00 | 70.00 | 77.00 | OK | |
r-patched-linux-x86_64 | 1.0.1 | 7.40 | 58.22 | 65.62 | OK | |
r-release-linux-x86_64 | 1.0.1 | 6.22 | 58.92 | 65.14 | OK | |
r-release-macos-arm64 | 1.0.1 | 4.00 | 47.00 | 51.00 | OK | |
r-release-macos-x86_64 | 1.0.1 | 5.00 | 63.00 | 68.00 | OK | |
r-release-windows-x86_64 | 1.0.1 | 8.00 | 70.00 | 78.00 | OK | |
r-oldrel-macos-arm64 | 1.0.1 | 3.00 | 34.00 | 37.00 | NOTE | |
r-oldrel-macos-x86_64 | 1.0.1 | 5.00 | 51.00 | 56.00 | NOTE | |
r-oldrel-windows-x86_64 | 1.0.1 | 10.00 | 86.00 | 96.00 | NOTE |
Version: 1.0.1
Check: LazyData
Result: NOTE
'LazyData' is specified without a 'data' directory
Flavors: r-oldrel-macos-arm64, r-oldrel-macos-x86_64, r-oldrel-windows-x86_64