Last updated on 2025-04-30 02:50:42 CEST.
Flavor | Version | Tinstall | Tcheck | Ttotal | Status | Flags |
---|---|---|---|---|---|---|
r-devel-linux-x86_64-debian-clang | 1.1.0 | 34.36 | 28.60 | 62.96 | OK | |
r-devel-linux-x86_64-debian-gcc | 1.1.0 | 31.92 | 28.49 | 60.41 | OK | |
r-devel-linux-x86_64-fedora-clang | 1.1.0 | 106.07 | OK | |||
r-devel-linux-x86_64-fedora-gcc | 1.1.0 | 135.16 | OK | |||
r-devel-windows-x86_64 | 1.1.0 | 45.00 | 78.00 | 123.00 | OK | |
r-patched-linux-x86_64 | 1.1.0 | 42.44 | 33.98 | 76.42 | OK | |
r-release-linux-x86_64 | 1.1.0 | 44.25 | 33.48 | 77.73 | OK | |
r-release-macos-arm64 | 1.1.0 | 38.00 | OK | |||
r-release-macos-x86_64 | 1.1.0 | 64.00 | OK | |||
r-release-windows-x86_64 | 1.1.0 | 45.00 | 76.00 | 121.00 | OK | |
r-oldrel-macos-arm64 | 1.1.0 | 35.00 | NOTE | |||
r-oldrel-macos-x86_64 | 1.1.0 | 86.00 | NOTE | |||
r-oldrel-windows-x86_64 | 1.1.0 | 49.00 | 81.00 | 130.00 | OK |
Version: 1.1.0
Check: installed package size
Result: NOTE
installed size is 17.0Mb
sub-directories of 1Mb or more:
libs 16.8Mb
Flavors: r-oldrel-macos-arm64, r-oldrel-macos-x86_64