Last updated on 2025-10-23 02:49:58 CEST.
Flavor | Version | Tinstall | Tcheck | Ttotal | Status | Flags |
---|---|---|---|---|---|---|
r-devel-linux-x86_64-debian-clang | 1.6.4 | 33.44 | 177.50 | 210.94 | NOTE | |
r-devel-linux-x86_64-debian-gcc | 1.6.4 | 20.25 | 119.02 | 139.27 | NOTE | |
r-devel-linux-x86_64-fedora-clang | 1.6.4 | 168.00 | 179.36 | 347.36 | OK | |
r-devel-linux-x86_64-fedora-gcc | 1.6.4 | 62.00 | 239.71 | 301.71 | OK | |
r-devel-windows-x86_64 | 1.6.4 | 30.00 | 206.00 | 236.00 | OK | |
r-patched-linux-x86_64 | 1.6.4 | 32.25 | 168.00 | 200.25 | OK | |
r-release-linux-x86_64 | 1.6.4 | 25.20 | 166.87 | 192.07 | OK | |
r-release-macos-arm64 | 1.6.4 | 14.00 | 79.00 | 93.00 | OK | |
r-release-macos-x86_64 | 1.6.4 | 28.00 | 174.00 | 202.00 | OK | |
r-release-windows-x86_64 | 1.6.4 | 29.00 | 209.00 | 238.00 | OK | |
r-oldrel-macos-arm64 | 1.6.4 | 11.00 | 70.00 | 81.00 | OK | |
r-oldrel-macos-x86_64 | 1.6.4 | 31.00 | 127.00 | 158.00 | OK | |
r-oldrel-windows-x86_64 | 1.6.4 | 42.00 | 244.00 | 286.00 | OK |
Version: 1.6.4
Check: CRAN incoming feasibility
Result: NOTE
Maintainer: ‘Björn Andersson <bjoern.h.andersson@gmail.com>’
Package CITATION file contains call(s) to old-style personList() or
as.personList(). Please use c() on person objects instead.
Package CITATION file contains call(s) to old-style citEntry(). Please
use bibentry() instead.
Flavors: r-devel-linux-x86_64-debian-clang, r-devel-linux-x86_64-debian-gcc