Last updated on 2025-10-23 02:49:58 CEST.
Flavor | Version | Tinstall | Tcheck | Ttotal | Status | Flags |
---|---|---|---|---|---|---|
r-devel-linux-x86_64-debian-clang | 1.0.7 | 21.81 | 75.85 | 97.66 | NOTE | |
r-devel-linux-x86_64-debian-gcc | 1.0.7 | 16.83 | 56.04 | 72.87 | OK | |
r-devel-linux-x86_64-fedora-clang | 1.0.7 | 74.00 | 89.22 | 163.22 | OK | |
r-devel-linux-x86_64-fedora-gcc | 1.0.7 | 44.00 | 105.22 | 149.22 | OK | |
r-devel-windows-x86_64 | 1.0.7 | 28.00 | 101.00 | 129.00 | OK | |
r-patched-linux-x86_64 | 1.0.7 | 24.22 | 73.93 | 98.15 | OK | |
r-release-linux-x86_64 | 1.0.7 | 22.55 | 72.24 | 94.79 | OK | |
r-release-macos-arm64 | 1.0.7 | 11.00 | 34.00 | 45.00 | OK | |
r-release-macos-x86_64 | 1.0.7 | 15.00 | 74.00 | 89.00 | OK | |
r-release-windows-x86_64 | 1.0.7 | 28.00 | 103.00 | 131.00 | OK | |
r-oldrel-macos-arm64 | 1.0.7 | 10.00 | 34.00 | 44.00 | OK | |
r-oldrel-macos-x86_64 | 1.0.7 | 16.00 | 82.00 | 98.00 | OK | |
r-oldrel-windows-x86_64 | 1.0.7 | 34.00 | 130.00 | 164.00 | OK |
Version: 1.0.7
Check: HTML version of manual
Result: NOTE
Found the following HTML validation problems:
sliouv.html:59:1 (sliouv.Rd:16): Warning: missing </ul> before </div>
Flavor: r-devel-linux-x86_64-debian-clang