CRAN Package Check Results for Package lfmm

Last updated on 2025-05-01 01:49:36 CEST.

Flavor Version Tinstall Tcheck Ttotal Status Flags
r-devel-linux-x86_64-debian-clang 1.1 27.61 129.93 157.54 NOTE
r-devel-linux-x86_64-debian-gcc 1.1 23.19 101.12 124.31 OK
r-devel-linux-x86_64-fedora-clang 1.1 269.08 NOTE
r-devel-linux-x86_64-fedora-gcc 1.1 305.49 NOTE
r-devel-windows-x86_64 1.1 33.00 185.00 218.00 OK
r-patched-linux-x86_64 1.1 29.38 145.14 174.52 OK
r-release-linux-x86_64 1.1 30.81 145.71 176.52 OK
r-release-macos-arm64 1.1 99.00 OK
r-release-macos-x86_64 1.1 232.00 OK
r-release-windows-x86_64 1.1 36.00 181.00 217.00 OK
r-oldrel-macos-arm64 1.1 99.00 NOTE
r-oldrel-macos-x86_64 1.1 209.00 NOTE
r-oldrel-windows-x86_64 1.1 40.00 236.00 276.00 OK

Check Details

Version: 1.1
Check: examples
Result: NOTE Examples with CPU (user + system) or elapsed time > 5s user system elapsed effect_size 3.63 0.227 5.492 Flavor: r-devel-linux-x86_64-debian-clang

Version: 1.1
Check: dependencies in R code
Result: NOTE Namespaces in Imports field not imported from: ‘ggplot2’ ‘knitr’ ‘purrr’ ‘rmarkdown’ All declared Imports should be used. Flavors: r-devel-linux-x86_64-fedora-clang, r-devel-linux-x86_64-fedora-gcc

Version: 1.1
Check: installed package size
Result: NOTE installed size is 11.4Mb sub-directories of 1Mb or more: data 1.8Mb libs 9.1Mb Flavors: r-oldrel-macos-arm64, r-oldrel-macos-x86_64