Last updated on 2025-11-02 02:50:48 CET.
| Flavor | Version | Tinstall | Tcheck | Ttotal | Status | Flags |
|---|---|---|---|---|---|---|
| r-devel-linux-x86_64-debian-clang | 0.4.1 | 4.52 | 44.84 | 49.36 | OK | |
| r-devel-linux-x86_64-debian-gcc | 0.4.1 | 2.56 | 32.56 | 35.12 | OK | |
| r-devel-linux-x86_64-fedora-clang | 0.4.1 | 19.00 | 58.68 | 77.68 | OK | |
| r-devel-linux-x86_64-fedora-gcc | 0.4.1 | 68.87 | OK | |||
| r-devel-windows-x86_64 | 0.4.1 | 7.00 | 64.00 | 71.00 | OK | |
| r-patched-linux-x86_64 | 0.4.1 | 4.52 | 41.39 | 45.91 | OK | |
| r-release-linux-x86_64 | 0.4.1 | 4.62 | 41.27 | 45.89 | OK | |
| r-release-macos-arm64 | 0.4.1 | 2.00 | 21.00 | 23.00 | OK | |
| r-release-macos-x86_64 | 0.4.1 | 4.00 | 33.00 | 37.00 | OK | |
| r-release-windows-x86_64 | 0.4.1 | 6.00 | 61.00 | 67.00 | OK | |
| r-oldrel-macos-arm64 | 0.4.1 | 2.00 | 21.00 | 23.00 | NOTE | |
| r-oldrel-macos-x86_64 | 0.4.1 | 4.00 | 33.00 | 37.00 | NOTE | |
| r-oldrel-windows-x86_64 | 0.4.1 | 7.00 | 74.00 | 81.00 | NOTE |
Version: 0.4.1
Check: LazyData
Result: NOTE
'LazyData' is specified without a 'data' directory
Flavors: r-oldrel-macos-arm64, r-oldrel-macos-x86_64, r-oldrel-windows-x86_64