Last updated on 2025-11-02 02:50:48 CET.
| Flavor | Version | Tinstall | Tcheck | Ttotal | Status | Flags |
|---|---|---|---|---|---|---|
| r-devel-linux-x86_64-debian-clang | 1.2.0 | 4.06 | 37.83 | 41.89 | NOTE | |
| r-devel-linux-x86_64-debian-gcc | 1.2.0 | 3.31 | 30.55 | 33.86 | NOTE | |
| r-devel-linux-x86_64-fedora-clang | 1.2.0 | 18.00 | 47.66 | 65.66 | OK | |
| r-devel-linux-x86_64-fedora-gcc | 1.2.0 | 59.01 | OK | |||
| r-devel-windows-x86_64 | 1.2.0 | 6.00 | 55.00 | 61.00 | OK | |
| r-patched-linux-x86_64 | 1.2.0 | 4.07 | 35.80 | 39.87 | OK | |
| r-release-linux-x86_64 | 1.2.0 | 3.45 | 35.03 | 38.48 | OK | |
| r-release-macos-arm64 | 1.2.0 | 2.00 | 24.00 | 26.00 | OK | |
| r-release-macos-x86_64 | 1.2.0 | 3.00 | 42.00 | 45.00 | OK | |
| r-release-windows-x86_64 | 1.2.0 | 8.00 | 52.00 | 60.00 | OK | |
| r-oldrel-macos-arm64 | 1.2.0 | 2.00 | 20.00 | 22.00 | NOTE | |
| r-oldrel-macos-x86_64 | 1.2.0 | 3.00 | 30.00 | 33.00 | NOTE | |
| r-oldrel-windows-x86_64 | 1.2.0 | 9.00 | 66.00 | 75.00 | NOTE |
Version: 1.2.0
Check: CRAN incoming feasibility
Result: NOTE
Maintainer: ‘Yongfu Liao <liao961120@gmail.com>’
Found the following (possibly) invalid file URI:
URI: /../../issues/3
From: README.md
Flavors: r-devel-linux-x86_64-debian-clang, r-devel-linux-x86_64-debian-gcc
Version: 1.2.0
Check: LazyData
Result: NOTE
'LazyData' is specified without a 'data' directory
Flavors: r-oldrel-macos-arm64, r-oldrel-macos-x86_64, r-oldrel-windows-x86_64