Last updated on 2025-05-18 02:49:41 CEST.
Flavor | Version | Tinstall | Tcheck | Ttotal | Status | Flags |
---|---|---|---|---|---|---|
r-devel-linux-x86_64-debian-clang | 0.2.0 | 61.23 | 121.76 | 182.99 | NOTE | |
r-devel-linux-x86_64-debian-gcc | 0.2.0 | 44.69 | 95.51 | 140.20 | NOTE | |
r-devel-linux-x86_64-fedora-clang | 0.2.0 | 299.69 | NOTE | |||
r-devel-linux-x86_64-fedora-gcc | 0.2.0 | 293.00 | NOTE | |||
r-devel-windows-x86_64 | 0.2.0 | 71.00 | 140.00 | 211.00 | NOTE | |
r-patched-linux-x86_64 | 0.2.0 | 60.70 | 115.67 | 176.37 | NOTE | |
r-release-linux-x86_64 | 0.2.0 | 60.62 | 116.03 | 176.65 | NOTE | |
r-release-macos-arm64 | 0.2.0 | 78.00 | NOTE | |||
r-release-macos-x86_64 | 0.2.0 | 135.00 | NOTE | |||
r-release-windows-x86_64 | 0.2.0 | 73.00 | 145.00 | 218.00 | NOTE | |
r-oldrel-macos-arm64 | 0.2.0 | 69.00 | NOTE | |||
r-oldrel-macos-x86_64 | 0.2.0 | 99.00 | NOTE | |||
r-oldrel-windows-x86_64 | 0.2.0 | 85.00 | 163.00 | 248.00 | NOTE |
Version: 0.2.0
Check: C++ specification
Result: NOTE
Specified C++11: please drop specification unless essential
Flavors: r-devel-linux-x86_64-debian-clang, r-devel-linux-x86_64-debian-gcc, r-devel-linux-x86_64-fedora-clang, r-devel-linux-x86_64-fedora-gcc, r-devel-windows-x86_64, r-patched-linux-x86_64, r-release-linux-x86_64, r-release-macos-arm64, r-release-macos-x86_64, r-release-windows-x86_64, r-oldrel-macos-arm64, r-oldrel-macos-x86_64, r-oldrel-windows-x86_64
Version: 0.2.0
Check: installed package size
Result: NOTE
installed size is 6.0Mb
sub-directories of 1Mb or more:
data 2.1Mb
libs 3.7Mb
Flavors: r-oldrel-macos-arm64, r-oldrel-macos-x86_64