Last updated on 2025-05-01 01:49:36 CEST.
Flavor | Version | Tinstall | Tcheck | Ttotal | Status | Flags |
---|---|---|---|---|---|---|
r-devel-linux-x86_64-debian-clang | 2.8.6 | 74.97 | 143.40 | 218.37 | NOTE | |
r-devel-linux-x86_64-debian-gcc | 2.8.6 | 61.48 | 86.26 | 147.74 | OK | |
r-devel-linux-x86_64-fedora-clang | 2.8.6 | 183.41 | ERROR | |||
r-devel-linux-x86_64-fedora-gcc | 2.8.6 | 371.54 | OK | |||
r-devel-windows-x86_64 | 2.8.6 | 121.00 | 489.00 | 610.00 | OK | |
r-patched-linux-x86_64 | 2.8.6 | 77.95 | 121.40 | 199.35 | OK | |
r-release-linux-x86_64 | 2.8.6 | 78.97 | 121.04 | 200.01 | OK | |
r-release-macos-arm64 | 2.8.6 | 106.00 | OK | |||
r-release-macos-x86_64 | 2.8.6 | 179.00 | OK | |||
r-release-windows-x86_64 | 2.8.6 | 127.00 | 480.00 | 607.00 | OK | |
r-oldrel-macos-arm64 | 2.8.6 | 112.00 | NOTE | |||
r-oldrel-macos-x86_64 | 2.8.6 | 208.00 | NOTE | |||
r-oldrel-windows-x86_64 | 2.8.6 | 142.00 | 608.00 | 750.00 | NOTE |
Version: 2.8.6
Check: examples
Result: NOTE
Examples with CPU (user + system) or elapsed time > 5s
user system elapsed
effects 7.152 0.084 4.4
Flavor: r-devel-linux-x86_64-debian-clang
Version: 2.8.6
Check: whether package can be installed
Result: ERROR
Installation failed.
Flavor: r-devel-linux-x86_64-fedora-clang
Version: 2.8.6
Check: installed package size
Result: NOTE
installed size is 55.5Mb
sub-directories of 1Mb or more:
doc 6.3Mb
libs 48.5Mb
Flavors: r-oldrel-macos-arm64, r-oldrel-macos-x86_64, r-oldrel-windows-x86_64