Last updated on 2025-05-01 01:49:36 CEST.
Flavor | Version | Tinstall | Tcheck | Ttotal | Status | Flags |
---|---|---|---|---|---|---|
r-devel-linux-x86_64-debian-clang | 0.2.7 | 11.94 | 547.32 | 559.26 | NOTE | |
r-devel-linux-x86_64-debian-gcc | 0.2.7 | 7.71 | 310.88 | 318.59 | OK | |
r-devel-linux-x86_64-fedora-clang | 0.2.7 | 890.41 | OK | |||
r-devel-linux-x86_64-fedora-gcc | 0.2.7 | 851.97 | OK | |||
r-devel-windows-x86_64 | 0.2.7 | 14.00 | 362.00 | 376.00 | OK | |
r-patched-linux-x86_64 | 0.2.7 | 15.28 | 538.60 | 553.88 | OK | |
r-release-linux-x86_64 | 0.2.7 | 12.03 | 540.46 | 552.49 | OK | |
r-release-macos-arm64 | 0.2.7 | 181.00 | OK | |||
r-release-macos-x86_64 | 0.2.7 | 372.00 | OK | |||
r-release-windows-x86_64 | 0.2.7 | 16.00 | 369.00 | 385.00 | OK | |
r-oldrel-macos-arm64 | 0.2.7 | 184.00 | OK | |||
r-oldrel-macos-x86_64 | 0.2.7 | 332.00 | OK | |||
r-oldrel-windows-x86_64 | 0.2.7 | 17.00 | 498.00 | 515.00 | OK |
Version: 0.2.7
Check: examples
Result: NOTE
Examples with CPU (user + system) or elapsed time > 5s
user system elapsed
print.boot_out 5.754 0.040 6.725
pseudo_johnson_neyman 5.740 0.004 6.501
cond_indirect 5.304 0.035 6.563
fit2boot_out 4.297 0.016 6.279
plot_effect_vs_w 4.112 0.000 5.112
lm2list 3.942 0.003 5.416
print.delta_med 3.859 0.012 5.126
delta_med 3.709 0.024 5.519
Flavor: r-devel-linux-x86_64-debian-clang