Last updated on 2025-10-23 02:49:59 CEST.
Flavor | Version | Tinstall | Tcheck | Ttotal | Status | Flags |
---|---|---|---|---|---|---|
r-devel-linux-x86_64-debian-clang | 0.8.3 | 8.83 | 100.66 | 109.49 | NOTE | |
r-devel-linux-x86_64-debian-gcc | 0.8.3 | 6.23 | 72.67 | 78.90 | OK | |
r-devel-linux-x86_64-fedora-clang | 0.8.3 | 24.00 | 135.14 | 159.14 | OK | |
r-devel-linux-x86_64-fedora-gcc | 0.8.3 | 20.00 | 131.10 | 151.10 | OK | |
r-devel-windows-x86_64 | 0.8.3 | 10.00 | 111.00 | 121.00 | OK | |
r-patched-linux-x86_64 | 0.8.3 | 11.02 | 92.07 | 103.09 | OK | |
r-release-linux-x86_64 | 0.8.3 | 8.34 | 90.78 | 99.12 | OK | |
r-release-macos-arm64 | 0.8.3 | 4.00 | 47.00 | 51.00 | OK | |
r-release-macos-x86_64 | 0.8.3 | 8.00 | 71.00 | 79.00 | OK | |
r-release-windows-x86_64 | 0.8.3 | 11.00 | 112.00 | 123.00 | OK | |
r-oldrel-macos-arm64 | 0.8.3 | 3.00 | 45.00 | 48.00 | OK | |
r-oldrel-macos-x86_64 | 0.8.3 | 7.00 | 78.00 | 85.00 | OK | |
r-oldrel-windows-x86_64 | 0.8.3 | 16.00 | 137.00 | 153.00 | OK |
Version: 0.8.3
Check: HTML version of manual
Result: NOTE
Found the following HTML validation problems:
fact_reverse.html:46:1 (fact_reverse.Rd:10): Warning: missing </ul> before </div>
make_sf.html:46:1 (make_sf.Rd:10): Warning: missing </ul> before </div>
Flavor: r-devel-linux-x86_64-debian-clang