Last updated on 2025-10-24 01:50:31 CEST.
| Flavor | Version | Tinstall | Tcheck | Ttotal | Status | Flags |
|---|---|---|---|---|---|---|
| r-devel-linux-x86_64-debian-clang | 2.0 | 2.01 | 22.86 | 24.87 | NOTE | |
| r-devel-linux-x86_64-debian-gcc | 2.0 | 1.53 | 18.26 | 19.79 | OK | |
| r-devel-linux-x86_64-fedora-clang | 2.0 | 36.64 | OK | |||
| r-devel-linux-x86_64-fedora-gcc | 2.0 | 34.34 | OK | |||
| r-devel-windows-x86_64 | 2.0 | 4.00 | 42.00 | 46.00 | OK | |
| r-patched-linux-x86_64 | 2.0 | 1.98 | 21.36 | 23.34 | OK | |
| r-release-linux-x86_64 | 2.0 | 1.67 | 21.12 | 22.79 | OK | |
| r-release-macos-arm64 | 2.0 | 1.00 | 18.00 | 19.00 | OK | |
| r-release-macos-x86_64 | 2.0 | 3.00 | 32.00 | 35.00 | OK | |
| r-release-windows-x86_64 | 2.0 | 4.00 | 48.00 | 52.00 | OK | |
| r-oldrel-macos-arm64 | 2.0 | 1.00 | 20.00 | 21.00 | OK | |
| r-oldrel-macos-x86_64 | 2.0 | 2.00 | 25.00 | 27.00 | OK | |
| r-oldrel-windows-x86_64 | 2.0 | 5.00 | 47.00 | 52.00 | OK |
Version: 2.0
Check: HTML version of manual
Result: NOTE
Found the following HTML validation problems:
mark.html:72:1 (mark.Rd:31): Warning: missing </ul> before </div>
renderMarkdown.html:75:1 (renderMarkdown.Rd:31): Warning: missing </ul> before </div>
Flavor: r-devel-linux-x86_64-debian-clang