Last updated on 2025-10-24 01:50:31 CEST.
| Flavor | Version | Tinstall | Tcheck | Ttotal | Status | Flags |
|---|---|---|---|---|---|---|
| r-devel-linux-x86_64-debian-clang | 0.1.1 | 47.69 | 84.01 | 131.70 | NOTE | |
| r-devel-linux-x86_64-debian-gcc | 0.1.1 | 34.69 | 65.13 | 99.82 | NOTE | |
| r-devel-linux-x86_64-fedora-clang | 0.1.1 | 97.00 | 109.33 | 206.33 | NOTE | |
| r-devel-linux-x86_64-fedora-gcc | 0.1.1 | 84.00 | 129.78 | 213.78 | NOTE | |
| r-devel-windows-x86_64 | 0.1.1 | 53.00 | 114.00 | 167.00 | NOTE | |
| r-patched-linux-x86_64 | 0.1.1 | 51.20 | 77.86 | 129.06 | NOTE | |
| r-release-linux-x86_64 | 0.1.1 | 51.69 | 78.44 | 130.13 | NOTE | |
| r-release-macos-arm64 | 0.1.1 | 21.00 | 68.00 | 89.00 | NOTE | |
| r-release-macos-x86_64 | 0.1.1 | 41.00 | 109.00 | 150.00 | NOTE | |
| r-release-windows-x86_64 | 0.1.1 | 55.00 | 118.00 | 173.00 | NOTE | |
| r-oldrel-macos-arm64 | 0.1.1 | 21.00 | 45.00 | 66.00 | NOTE | |
| r-oldrel-macos-x86_64 | 0.1.1 | 27.00 | 77.00 | 104.00 | NOTE | |
| r-oldrel-windows-x86_64 | 0.1.1 | 63.00 | 144.00 | 207.00 | NOTE |
Version: 0.1.1
Check: CRAN incoming feasibility
Result: NOTE
Maintainer: ‘Yixuan Qiu <yixuan.qiu@cos.name>’
No Authors@R field in DESCRIPTION.
Please add one, modifying
Authors@R: c(person(given = "Yixuan",
family = "Qiu",
role = c("aut", "cre"),
email = "yixuan.qiu@cos.name"),
person(given = "Jiebiao",
family = "Wang",
role = "aut"),
person(given = "Jing",
family = "Lei",
role = "aut"),
person(given = "Kathryn",
family = "Roeder",
role = "aut"))
as necessary.
Flavors: r-devel-linux-x86_64-debian-clang, r-devel-linux-x86_64-debian-gcc
Version: 0.1.1
Check: C++ specification
Result: NOTE
Specified C++11: please drop specification unless essential
Flavors: r-devel-linux-x86_64-debian-clang, r-devel-linux-x86_64-debian-gcc, r-devel-linux-x86_64-fedora-clang, r-devel-linux-x86_64-fedora-gcc, r-devel-windows-x86_64, r-patched-linux-x86_64, r-release-linux-x86_64, r-release-macos-arm64, r-release-macos-x86_64, r-release-windows-x86_64, r-oldrel-macos-arm64, r-oldrel-macos-x86_64, r-oldrel-windows-x86_64
Version: 0.1.1
Check: top-level files
Result: NOTE
Found the following validation problem for the NEWS.Rd HTML conversion:
NEWS.html:57:1 (inst/NEWS.Rd:18): Warning: missing </ul> before </div>
Flavor: r-devel-linux-x86_64-debian-clang
Version: 0.1.1
Check: installed package size
Result: NOTE
installed size is 18.2Mb
sub-directories of 1Mb or more:
examples 2.7Mb
libs 14.2Mb
Flavors: r-oldrel-macos-arm64, r-oldrel-macos-x86_64, r-oldrel-windows-x86_64