CRAN Package Check Results for Package maxnet

Last updated on 2025-10-25 01:51:06 CEST.

Flavor Version Tinstall Tcheck Ttotal Status Flags
r-devel-linux-x86_64-debian-clang 0.1.4 2.01 28.86 30.87 NOTE
r-devel-linux-x86_64-debian-gcc 0.1.4 1.55 22.11 23.66 NOTE
r-devel-linux-x86_64-fedora-clang 0.1.4 46.65 OK
r-devel-linux-x86_64-fedora-gcc 0.1.4 44.43 OK
r-devel-windows-x86_64 0.1.4 3.00 47.00 50.00 OK
r-patched-linux-x86_64 0.1.4 2.09 27.09 29.18 OK
r-release-linux-x86_64 0.1.4 1.78 27.18 28.96 OK
r-release-macos-arm64 0.1.4 2.00 19.00 21.00 OK
r-release-macos-x86_64 0.1.4 2.00 31.00 33.00 OK
r-release-windows-x86_64 0.1.4 3.00 49.00 52.00 OK
r-oldrel-macos-arm64 0.1.4 1.00 19.00 20.00 OK
r-oldrel-macos-x86_64 0.1.4 2.00 25.00 27.00 OK
r-oldrel-windows-x86_64 0.1.4 4.00 55.00 59.00 OK

Check Details

Version: 0.1.4
Check: CRAN incoming feasibility
Result: NOTE Maintainer: ‘Steven Phillips <mrmaxent@gmail.com>’ No Authors@R field in DESCRIPTION. Please add one, modifying Authors@R: person(given = "Steven", family = "Phillips", role = c("aut", "cre"), email = "mrmaxent@gmail.com") as necessary. Flavors: r-devel-linux-x86_64-debian-clang, r-devel-linux-x86_64-debian-gcc