Last updated on 2025-04-15 01:50:37 CEST.
Flavor | Version | Tinstall | Tcheck | Ttotal | Status | Flags |
---|---|---|---|---|---|---|
r-devel-linux-x86_64-debian-clang | 1.3.1 | 1.56 | 22.51 | 24.07 | OK | |
r-devel-linux-x86_64-debian-gcc | 1.3.1 | 1.34 | 18.34 | 19.68 | OK | |
r-devel-linux-x86_64-fedora-clang | 1.3.1 | 40.77 | OK | |||
r-devel-linux-x86_64-fedora-gcc | 1.3.1 | 53.71 | OK | |||
r-devel-windows-x86_64 | 1.3.1 | 3.00 | 43.00 | 46.00 | OK | |
r-patched-linux-x86_64 | 1.3.1 | 1.67 | 22.07 | 23.74 | OK | |
r-release-linux-x86_64 | 1.3.1 | 1.76 | 22.19 | 23.95 | OK | |
r-release-macos-arm64 | 1.3.1 | 23.00 | OK | |||
r-release-macos-x86_64 | 1.3.1 | 43.00 | OK | |||
r-release-windows-x86_64 | 1.3.1 | 3.00 | 45.00 | 48.00 | OK | |
r-oldrel-macos-arm64 | 1.3.1 | 21.00 | NOTE | |||
r-oldrel-macos-x86_64 | 1.3.1 | 35.00 | NOTE | |||
r-oldrel-windows-x86_64 | 1.3.1 | 2.00 | 46.00 | 48.00 | NOTE |
Version: 1.3.1
Check: LazyData
Result: NOTE
'LazyData' is specified without a 'data' directory
Flavors: r-oldrel-macos-arm64, r-oldrel-macos-x86_64, r-oldrel-windows-x86_64