Last updated on 2025-10-25 01:51:06 CEST.
| Flavor | Version | Tinstall | Tcheck | Ttotal | Status | Flags |
|---|---|---|---|---|---|---|
| r-devel-linux-x86_64-debian-clang | 1.0.0 | 11.32 | 119.30 | 130.62 | NOTE | |
| r-devel-linux-x86_64-debian-gcc | 1.0.0 | 8.44 | 84.54 | 92.98 | NOTE | |
| r-devel-linux-x86_64-fedora-clang | 1.0.0 | 33.00 | 178.70 | 211.70 | OK | |
| r-devel-linux-x86_64-fedora-gcc | 1.0.0 | 24.00 | 189.27 | 213.27 | OK | |
| r-devel-windows-x86_64 | 1.0.0 | 14.00 | 117.00 | 131.00 | OK | |
| r-patched-linux-x86_64 | 1.0.0 | 9.29 | 111.13 | 120.42 | OK | |
| r-release-linux-x86_64 | 1.0.0 | 11.94 | 111.97 | 123.91 | OK | |
| r-release-macos-arm64 | 1.0.0 | 8.00 | 94.00 | 102.00 | OK | |
| r-release-macos-x86_64 | 1.0.0 | 12.00 | 107.00 | 119.00 | OK | |
| r-release-windows-x86_64 | 1.0.0 | 15.00 | 119.00 | 134.00 | OK | |
| r-oldrel-macos-arm64 | 1.0.0 | 5.00 | 55.00 | 60.00 | OK | |
| r-oldrel-macos-x86_64 | 1.0.0 | 8.00 | 79.00 | 87.00 | OK | |
| r-oldrel-windows-x86_64 | 1.0.0 | 18.00 | 154.00 | 172.00 | OK |
Version: 1.0.0
Check: CRAN incoming feasibility
Result: NOTE
Maintainer: ‘Linda Nab <lindanab4@gmail.com>’
No Authors@R field in DESCRIPTION.
Please add one, modifying
Authors@R: person(given = "Linda",
family = "Nab",
role = c("aut", "cre"),
email = "lindanab4@gmail.com")
as necessary.
Flavors: r-devel-linux-x86_64-debian-clang, r-devel-linux-x86_64-debian-gcc