CRAN Package Check Results for Package metalite.table1

Last updated on 2025-10-22 01:51:30 CEST.

Flavor Version Tinstall Tcheck Ttotal Status Flags
r-devel-linux-x86_64-debian-clang 0.4.0 1.66 24.33 25.99 NOTE
r-devel-linux-x86_64-debian-gcc 0.4.0 1.44 19.66 21.10 NOTE
r-devel-linux-x86_64-fedora-clang 0.4.0 40.28 NOTE
r-devel-linux-x86_64-fedora-gcc 0.4.0 51.69 NOTE
r-devel-windows-x86_64 0.4.0 4.00 42.00 46.00 NOTE
r-patched-linux-x86_64 0.4.0 1.73 21.57 23.30 NOTE
r-release-linux-x86_64 0.4.0 1.45 21.79 23.24 NOTE
r-release-macos-arm64 0.4.0 1.00 22.00 23.00 NOTE
r-release-macos-x86_64 0.4.0 2.00 50.00 52.00 NOTE
r-release-windows-x86_64 0.4.0 4.00 43.00 47.00 NOTE
r-oldrel-macos-arm64 0.4.0 1.00 28.00 29.00 OK
r-oldrel-macos-x86_64 0.4.0 1.00 36.00 37.00 OK
r-oldrel-windows-x86_64 0.4.0 5.00 48.00 53.00 OK

Check Details

Version: 0.4.0
Check: DESCRIPTION meta-information
Result: NOTE Missing dependency on R >= 4.1.0 because package code uses the pipe |> or function shorthand \(...) syntax added in R 4.1.0. File(s) using such syntax: ‘metalite_table1_to_rtf.R’ Flavors: r-devel-linux-x86_64-debian-clang, r-devel-linux-x86_64-debian-gcc, r-devel-linux-x86_64-fedora-clang, r-devel-linux-x86_64-fedora-gcc, r-devel-windows-x86_64, r-patched-linux-x86_64, r-release-linux-x86_64, r-release-macos-arm64, r-release-macos-x86_64, r-release-windows-x86_64