CRAN Package Check Results for Package metamer

Last updated on 2025-04-30 01:50:26 CEST.

Flavor Version Tinstall Tcheck Ttotal Status Flags
r-devel-linux-x86_64-debian-clang 0.3.0 2.53 32.52 35.05 OK
r-devel-linux-x86_64-debian-gcc 0.3.0 2.11 24.30 26.41 OK
r-devel-linux-x86_64-fedora-clang 0.3.0 57.58 NOTE
r-devel-linux-x86_64-fedora-gcc 0.3.0 54.08 NOTE
r-devel-windows-x86_64 0.3.0 5.00 55.00 60.00 OK
r-patched-linux-x86_64 0.3.0 2.71 30.05 32.76 OK
r-release-linux-x86_64 0.3.0 2.49 29.84 32.33 OK
r-release-macos-arm64 0.3.0 24.00 OK
r-release-macos-x86_64 0.3.0 39.00 OK
r-release-windows-x86_64 0.3.0 4.00 55.00 59.00 OK
r-oldrel-macos-arm64 0.3.0 22.00 OK
r-oldrel-macos-x86_64 0.3.0 31.00 OK
r-oldrel-windows-x86_64 0.3.0 5.00 59.00 64.00 OK

Check Details

Version: 0.3.0
Check: dependencies in R code
Result: NOTE Namespace in Imports field not imported from: ‘progress’ All declared Imports should be used. Flavors: r-devel-linux-x86_64-fedora-clang, r-devel-linux-x86_64-fedora-gcc