Last updated on 2025-04-15 01:50:38 CEST.
Flavor | Version | Tinstall | Tcheck | Ttotal | Status | Flags |
---|---|---|---|---|---|---|
r-devel-linux-x86_64-debian-clang | 1.2.7.1 | 6.61 | 38.30 | 44.91 | NOTE | |
r-devel-linux-x86_64-debian-gcc | 1.2.7.1 | 5.49 | 27.54 | 33.03 | NOTE | |
r-devel-linux-x86_64-fedora-clang | 1.2.7.1 | 74.61 | NOTE | |||
r-devel-linux-x86_64-fedora-gcc | 1.2.7.1 | 70.57 | NOTE | |||
r-devel-windows-x86_64 | 1.2.7.1 | 10.00 | 62.00 | 72.00 | NOTE | |
r-patched-linux-x86_64 | 1.2.7.1 | 6.90 | 37.50 | 44.40 | NOTE | |
r-release-linux-x86_64 | 1.2.7.1 | 7.42 | 37.55 | 44.97 | NOTE | |
r-release-macos-arm64 | 1.2.7.1 | 30.00 | NOTE | |||
r-release-macos-x86_64 | 1.2.7.1 | 51.00 | NOTE | |||
r-release-windows-x86_64 | 1.2.7.1 | 10.00 | 59.00 | 69.00 | NOTE | |
r-oldrel-macos-arm64 | 1.2.7.1 | 25.00 | NOTE | |||
r-oldrel-macos-x86_64 | 1.2.7.1 | 47.00 | NOTE | |||
r-oldrel-windows-x86_64 | 1.2.7.1 | 14.00 | 69.00 | 83.00 | NOTE |
Version: 1.2.7.1
Check: Rd files
Result: NOTE
checkRd: (-1) SLD.Rd:20: Escaped LaTeX specials: \&
Flavors: r-devel-linux-x86_64-debian-clang, r-devel-linux-x86_64-debian-gcc, r-devel-linux-x86_64-fedora-clang, r-devel-linux-x86_64-fedora-gcc, r-devel-windows-x86_64, r-patched-linux-x86_64, r-release-linux-x86_64, r-release-macos-arm64, r-release-macos-x86_64, r-release-windows-x86_64, r-oldrel-macos-arm64, r-oldrel-macos-x86_64, r-oldrel-windows-x86_64