Last updated on 2025-10-25 01:51:07 CEST.
| Flavor | Version | Tinstall | Tcheck | Ttotal | Status | Flags |
|---|---|---|---|---|---|---|
| r-devel-linux-x86_64-debian-clang | 2.3.4 | 19.07 | 319.60 | 338.67 | OK | |
| r-devel-linux-x86_64-debian-gcc | 2.3.4 | 11.46 | 204.64 | 216.10 | OK | |
| r-devel-linux-x86_64-fedora-clang | 2.3.4 | 114.00 | 398.17 | 512.17 | OK | |
| r-devel-linux-x86_64-fedora-gcc | 2.3.4 | 84.00 | 445.40 | 529.40 | ERROR | |
| r-devel-windows-x86_64 | 2.3.4 | 19.00 | 231.00 | 250.00 | OK | |
| r-patched-linux-x86_64 | 2.3.4 | 18.83 | 282.32 | 301.15 | OK | |
| r-release-linux-x86_64 | 2.3.4 | 17.55 | 287.49 | 305.04 | OK | |
| r-release-macos-arm64 | 2.3.4 | 9.00 | 115.00 | 124.00 | OK | |
| r-release-macos-x86_64 | 2.3.4 | 18.00 | 242.00 | 260.00 | OK | |
| r-release-windows-x86_64 | 2.3.4 | 20.00 | 228.00 | 248.00 | OK | |
| r-oldrel-macos-arm64 | 2.3.4 | 9.00 | 119.00 | 128.00 | OK | |
| r-oldrel-macos-x86_64 | 2.3.4 | 19.00 | 243.00 | 262.00 | OK | |
| r-oldrel-windows-x86_64 | 2.3.4 | 27.00 | 316.00 | 343.00 | OK |
Version: 2.3.4
Check: tests
Result: ERROR
Running ‘testthat.R’ [210s/319s]
Running the tests in ‘tests/testthat.R’ failed.
Complete output:
> if (requireNamespace("testthat", quietly = TRUE)) {
+ library("checkmate")
+ library("testthat")
+ library("mlr3spatiotempcv")
+ test_check("mlr3spatiotempcv")
+ }
Loading required package: mlr3
Starting 2 test processes
[ FAIL 0 | WARN 0 | SKIP 23 | PASS 1226 ]
══ Skipped tests (23) ══════════════════════════════════════════════════════════
• On CRAN (20): 'test-1-autoplot.R:40:3', 'test-1-autoplot.R:72:3',
'test-1-autoplot.R:98:3', 'test-1-autoplot.R:130:3',
'test-1-autoplot.R:157:3', 'test-1-autoplot.R:189:3',
'test-1-autoplot.R:224:3', 'test-1-autoplot.R:257:3',
'test-1-autoplot.R:268:3', 'test-1-autoplot.R:315:3',
'test-1-autoplot.R:343:3', 'test-1-autoplot.R:377:3',
'test-2-autoplot.R:129:3', 'test-2-autoplot.R:182:3',
'test-2-autoplot.R:204:3', 'test-2-autoplot.R:246:3',
'test-2-autoplot.R:341:3', 'test-2-autoplot.R:393:3',
'test-autoplot_buffer.R:19:3', 'test-mlr3pipelines-graph-integration.R:5:3'
• On Linux (2): 'test-2-autoplot.R:8:3', 'test-2-autoplot.R:54:3'
• empty test (1): 'test-helper-DataBackend.R:1:1'
[ FAIL 0 | WARN 0 | SKIP 23 | PASS 1226 ]
Deleting unused snapshots:
• 1-autoplot/autoplot-show-blocks-true-show-labels-true.svg
• 1-autoplot/custom-cv-fold-1-2-sample-fold-n.svg
• 1-autoplot/custom-cv-fold-1-2.svg
• 1-autoplot/custom-cv-fold-1-sample-fold-n.svg
• 1-autoplot/custom-cv-fold-1.svg
• 1-autoplot/custom-cv-sample-fold-n.svg
• 1-autoplot/cv-fold-1-2-groups-col-role.svg
• 1-autoplot/cv-fold-1-2-sample-fold-n.svg
• 1-autoplot/cv-fold-1-2.svg
• 1-autoplot/cv-fold-1-groups-col-role.svg
• 1-autoplot/cv-fold-1-sample-fold-n.svg
• 1-autoplot/cv-fold-1.svg
• 1-autoplot/cv-sample-fold-n.svg
• 1-autoplot/repcv-fold-1-2-rep-1.svg
• 1-autoplot/repcv-fold-1-2-rep-2.svg
• 1-autoplot/repcv-fold-1-rep-1.svg
• 1-autoplot/repcv-fold-1-rep-2.svg
• 1-autoplot/repspcvblock-fold-1-2-rep-1.svg
• 1-autoplot/repspcvblock-fold-1-2-rep-2.svg
• 1-autoplot/repspcvblock-fold-1-rep-1.svg
• 1-autoplot/repspcvblock-fold-1-rep-2.svg
• 1-autoplot/repspcvcoords-fold-1-2-rep-1.svg
• 1-autoplot/repspcvcoords-fold-1-2-rep-2.svg
• 1-autoplot/repspcvcoords-fold-1-2-sample-fold-n.svg
• 1-autoplot/repspcvcoords-fold-1-rep-1.svg
• 1-autoplot/repspcvcoords-fold-1-rep-2.svg
• 1-autoplot/repspcvcoords-fold-1-sample-fold-n.svg
• 1-autoplot/repspcvcoords-sample-fold-n.svg
• 1-autoplot/repspcvenv-fold-1-2-rep-1.svg
• 1-autoplot/repspcvenv-fold-1-2-rep-2.svg
• 1-autoplot/repspcvenv-fold-1-rep-1.svg
• 1-autoplot/repspcvenv-fold-1-rep-2.svg
• 1-autoplot/spcvblock-fold-1-2-sample-fold-n.svg
• 1-autoplot/spcvblock-fold-1-2.svg
• 1-autoplot/spcvblock-fold-1-sample-fold-n.svg
• 1-autoplot/spcvblock-fold-1.svg
• 1-autoplot/spcvblock-sample-fold-n.svg
• 1-autoplot/spcvcoords-fold-1-2.svg
• 1-autoplot/spcvcoords-fold-1.svg
• 1-autoplot/spcvenv-fold-1-2-sample-fold-n.svg
• 1-autoplot/spcvenv-fold-1-2.svg
• 1-autoplot/spcvenv-fold-1-sample-fold-n.svg
• 1-autoplot/spcvenv-fold-1.svg
• 1-autoplot/spcvenv-sample-fold-n.svg
• 2-autoplot/repspcvdisc-fold-1-2-rep-2.svg
• 2-autoplot/repspcvdisc-fold-1-2-sample-fold-n.svg
• 2-autoplot/repspcvdisc-fold-1-rep-1-sample-n-fold.svg
• 2-autoplot/repspcvdisc-fold-1-rep-2.svg
• 2-autoplot/repspcvdisc-fold-1-sample-fold-n.svg
• 2-autoplot/repspcvdisc-sample-fold-n.svg
• 2-autoplot/repspcvknndm-fold-1-2-rep-2.svg
• 2-autoplot/repspcvknndm-fold-1-2-sample-fold-n.svg
• 2-autoplot/repspcvknndm-fold-1-rep-1-sample-n-fold.svg
• 2-autoplot/repspcvknndm-fold-1-rep-2.svg
• 2-autoplot/repspcvknndm-fold-1-sample-fold-n.svg
• 2-autoplot/repspcvknndm-sample-fold-n.svg
• 2-autoplot/repspcvtiles-fold-1-2-rep-2.svg
• 2-autoplot/repspcvtiles-fold-1-2-sample-fold-n.svg
• 2-autoplot/repspcvtiles-fold-1-2.svg
• 2-autoplot/repspcvtiles-fold-1-rep-2.svg
• 2-autoplot/repspcvtiles-fold-1-sample-fold-n.svg
• 2-autoplot/repspcvtiles-fold-1.svg
• 2-autoplot/repspcvtiles-sample-fold-n.svg
• 2-autoplot/repspcvtiles-show-omitted.svg
• 2-autoplot/repsptcvcstf-2d-space-var-fold-1-2-rep-2.svg
• 2-autoplot/repsptcvcstf-2d-space-var-fold-1-rep-2.svg
• 2-autoplot/repsptcvcstf-fold-1-2-rep-1.svg
• 2-autoplot/repsptcvcstf-fold-1-2-rep-2.svg
• 2-autoplot/repsptcvcstf-fold-1-rep-1-sample-fold-n.svg
• 2-autoplot/repsptcvcstf-fold-1-rep-2.svg
• 2-autoplot/spcvdisc-fold-1-2.svg
• 2-autoplot/spcvdisc-fold-1.svg
• 2-autoplot/spcvdisc-show-omitted.svg
• 2-autoplot/spcvknndm-fold-1-2.svg
• 2-autoplot/spcvknndm-fold-1.svg
• 2-autoplot/sptcvcstf-2d-space-var-all-test-sets.svg
• 2-autoplot/sptcvcstf-2d-space-var-fold-1-2.svg
• 2-autoplot/sptcvcstf-2d-space-var-fold-1.svg
• 2-autoplot/sptcvcstf-2d-time-var-all-test-sets.svg
• 2-autoplot/sptcvcstf-2d-time-var-fold-1-2-rep-2.svg
• 2-autoplot/sptcvcstf-2d-time-var-fold-1-2-sample-fold-n.svg
• 2-autoplot/sptcvcstf-2d-time-var-fold-1-2.svg
• 2-autoplot/sptcvcstf-2d-time-var-fold-1-rep-2.svg
• 2-autoplot/sptcvcstf-2d-time-var-fold-1-sample-fold-n.svg
• 2-autoplot/sptcvcstf-2d-time-var-fold-1.svg
• 2-autoplot/sptcvcstf-2d-time-var-sample-fold-n.svg
• 2-autoplot/sptcvcstf-3d-time-var-fold-1-2-sample-fold-n.svg
• 2-autoplot/sptcvcstf-3d-time-var-fold-1-2.svg
• 2-autoplot/sptcvcstf-3d-time-var-fold-1-sample-fold-n.svg
• autoplot_buffer/spcvbuffer-fold-1-2.svg
Error: Failed to send signal to: 2277431 (???)
Execution halted
Flavor: r-devel-linux-x86_64-fedora-gcc