Last updated on 2025-04-30 01:50:27 CEST.
Flavor | Version | Tinstall | Tcheck | Ttotal | Status | Flags |
---|---|---|---|---|---|---|
r-devel-linux-x86_64-debian-clang | 0.2.1 | 5.98 | 58.49 | 64.47 | NOTE | |
r-devel-linux-x86_64-debian-gcc | 0.2.1 | 4.16 | 40.66 | 44.82 | NOTE | |
r-devel-linux-x86_64-fedora-clang | 0.2.1 | 92.20 | OK | |||
r-devel-linux-x86_64-fedora-gcc | 0.2.1 | 87.73 | OK | |||
r-devel-windows-x86_64 | 0.2.1 | 7.00 | 74.00 | 81.00 | OK | |
r-patched-linux-x86_64 | 0.2.1 | 5.88 | 54.93 | 60.81 | OK | |
r-release-linux-x86_64 | 0.2.1 | 5.85 | 55.05 | 60.90 | OK | |
r-release-macos-arm64 | 0.2.1 | 29.00 | OK | |||
r-release-macos-x86_64 | 0.2.1 | 56.00 | OK | |||
r-release-windows-x86_64 | 0.2.1 | 8.00 | 72.00 | 80.00 | OK | |
r-oldrel-macos-arm64 | 0.2.1 | 26.00 | OK | |||
r-oldrel-macos-x86_64 | 0.2.1 | 43.00 | OK | |||
r-oldrel-windows-x86_64 | 0.2.1 | 9.00 | 92.00 | 101.00 | OK |
Version: 0.2.1
Check: examples
Result: NOTE
Examples with CPU (user + system) or elapsed time > 5s
user system elapsed
mod2rm 7.162 0.175 12.79
summary.mod2rm 5.766 0.091 9.37
Flavor: r-devel-linux-x86_64-debian-clang
Version: 0.2.1
Check: examples
Result: NOTE
Examples with CPU (user + system) or elapsed time > 5s
user system elapsed
mod2rm 4.013 0.185 5.185
summary.mod2rm 3.503 0.599 5.105
Flavor: r-devel-linux-x86_64-debian-gcc