Last updated on 2025-04-30 01:50:27 CEST.
Flavor | Version | Tinstall | Tcheck | Ttotal | Status | Flags |
---|---|---|---|---|---|---|
r-devel-linux-x86_64-debian-clang | 3.1.2 | 5.28 | 325.68 | 330.96 | NOTE | |
r-devel-linux-x86_64-debian-gcc | 3.1.2 | 3.46 | 221.27 | 224.73 | NOTE | |
r-devel-linux-x86_64-fedora-clang | 3.1.2 | 529.13 | OK | |||
r-devel-linux-x86_64-fedora-gcc | 3.1.2 | 575.31 | OK | |||
r-devel-windows-x86_64 | 3.1.2 | 6.00 | 278.00 | 284.00 | OK | |
r-patched-linux-x86_64 | 3.1.2 | 4.37 | 317.83 | 322.20 | OK | |
r-release-linux-x86_64 | 3.1.2 | 5.08 | 317.26 | 322.34 | OK | |
r-release-macos-arm64 | 3.1.2 | 157.00 | OK | |||
r-release-macos-x86_64 | 3.1.2 | 250.00 | OK | |||
r-release-windows-x86_64 | 3.1.2 | 9.00 | 278.00 | 287.00 | OK | |
r-oldrel-macos-arm64 | 3.1.2 | 139.00 | OK | |||
r-oldrel-macos-x86_64 | 3.1.2 | 208.00 | OK | |||
r-oldrel-windows-x86_64 | 3.1.2 | 9.00 | 365.00 | 374.00 | OK |
Version: 3.1.2
Check: examples
Result: NOTE
Examples with CPU (user + system) or elapsed time > 5s
user system elapsed
modelStudio 7.220 0.342 9.959
ms_update_options 6.477 0.016 10.022
ms_update_observations 6.108 0.030 9.236
ms_options 3.650 0.114 6.391
Flavor: r-devel-linux-x86_64-debian-clang
Version: 3.1.2
Check: examples
Result: NOTE
Examples with CPU (user + system) or elapsed time > 5s
user system elapsed
modelStudio 4.392 0.146 5.057
ms_update_observations 4.064 0.086 6.508
ms_update_options 4.052 0.030 5.750
Flavor: r-devel-linux-x86_64-debian-gcc