Last updated on 2025-05-01 01:49:38 CEST.
Flavor | Version | Tinstall | Tcheck | Ttotal | Status | Flags |
---|---|---|---|---|---|---|
r-devel-linux-x86_64-debian-clang | 1.0.2 | 6.19 | 74.27 | 80.46 | NOTE | |
r-devel-linux-x86_64-debian-gcc | 1.0.2 | 4.26 | 58.52 | 62.78 | NOTE | |
r-devel-linux-x86_64-fedora-clang | 1.0.2 | 106.22 | NOTE | |||
r-devel-linux-x86_64-fedora-gcc | 1.0.2 | 116.78 | NOTE | |||
r-devel-windows-x86_64 | 1.0.2 | 8.00 | 94.00 | 102.00 | NOTE | |
r-patched-linux-x86_64 | 1.0.2 | 6.42 | 67.01 | 73.43 | NOTE | |
r-release-linux-x86_64 | 1.0.2 | 6.14 | 66.95 | 73.09 | NOTE | |
r-release-macos-arm64 | 1.0.2 | 46.00 | NOTE | |||
r-release-macos-x86_64 | 1.0.2 | 69.00 | NOTE | |||
r-release-windows-x86_64 | 1.0.2 | 8.00 | 99.00 | 107.00 | NOTE | |
r-oldrel-macos-arm64 | 1.0.2 | 45.00 | OK | |||
r-oldrel-macos-x86_64 | 1.0.2 | 72.00 | OK | |||
r-oldrel-windows-x86_64 | 1.0.2 | 10.00 | 107.00 | 117.00 | OK |
Version: 1.0.2
Check: DESCRIPTION meta-information
Result: NOTE
Missing dependency on R >= 4.1.0 because package code uses the pipe
|> or function shorthand \(...) syntax added in R 4.1.0.
File(s) using such syntax:
‘cast_vec.R’ ‘plot_response_rate.R’ ‘read_mpath.R’ ‘response_rate.R’
‘write_mpath.R’
Flavors: r-devel-linux-x86_64-debian-clang, r-devel-linux-x86_64-debian-gcc, r-devel-linux-x86_64-fedora-clang, r-devel-linux-x86_64-fedora-gcc, r-devel-windows-x86_64, r-patched-linux-x86_64, r-release-linux-x86_64, r-release-macos-arm64, r-release-macos-x86_64, r-release-windows-x86_64
Version: 1.0.2
Check: examples
Result: NOTE
Examples with CPU (user + system) or elapsed time > 5s
user system elapsed
write_mpath 1.655 0.112 6.98
Flavor: r-devel-linux-x86_64-debian-clang
Version: 1.0.2
Check: examples
Result: NA
user system elapsed
write_mpath 1.465 0.417 7.278
timestamps_to_datetime 1.202 0.353 6.488
read_mpath 1.203 0.299 6.534
OK
Flavor: r-devel-linux-x86_64-debian-gcc