Last updated on 2025-10-24 01:50:32 CEST.
| Flavor | Version | Tinstall | Tcheck | Ttotal | Status | Flags |
|---|---|---|---|---|---|---|
| r-devel-linux-x86_64-debian-clang | 0.1.5 | 3.60 | 32.93 | 36.53 | NOTE | |
| r-devel-linux-x86_64-debian-gcc | 0.1.5 | 2.56 | 26.76 | 29.32 | NOTE | |
| r-devel-linux-x86_64-fedora-clang | 0.1.5 | 11.00 | 45.57 | 56.57 | OK | |
| r-devel-linux-x86_64-fedora-gcc | 0.1.5 | 52.50 | OK | |||
| r-devel-windows-x86_64 | 0.1.5 | 4.00 | 51.00 | 55.00 | OK | |
| r-patched-linux-x86_64 | 0.1.5 | 3.43 | 35.03 | 38.46 | OK | |
| r-release-linux-x86_64 | 0.1.5 | 3.23 | 34.82 | 38.05 | OK | |
| r-release-macos-arm64 | 0.1.5 | 2.00 | 28.00 | 30.00 | OK | |
| r-release-macos-x86_64 | 0.1.5 | 5.00 | 49.00 | 54.00 | OK | |
| r-release-windows-x86_64 | 0.1.5 | 4.00 | 56.00 | 60.00 | OK | |
| r-oldrel-macos-arm64 | 0.1.5 | 2.00 | 20.00 | 22.00 | OK | |
| r-oldrel-macos-x86_64 | 0.1.5 | 3.00 | 33.00 | 36.00 | OK | |
| r-oldrel-windows-x86_64 | 0.1.5 | 4.00 | 58.00 | 62.00 | OK |
Version: 0.1.5
Check: CRAN incoming feasibility
Result: NOTE
Maintainer: ‘Novia Permatasari <novia.permatasari@bps.go.id>’
No Authors@R field in DESCRIPTION.
Please add one, modifying
Authors@R: c(person(given = "Novia",
family = "Permatasari",
role = c("aut", "cre"),
email = "novia.permatasari@bps.go.id"),
person(given = "Azka",
family = "Ubaidillah",
role = "aut"))
as necessary.
Flavors: r-devel-linux-x86_64-debian-clang, r-devel-linux-x86_64-debian-gcc