Last updated on 2025-11-03 02:49:34 CET.
| Flavor | Version | Tinstall | Tcheck | Ttotal | Status | Flags | 
|---|---|---|---|---|---|---|
| r-devel-linux-x86_64-debian-clang | 0.1-12 | 8.60 | 84.79 | 93.39 | NOTE | |
| r-devel-linux-x86_64-debian-gcc | 0.1-12 | 7.55 | 63.63 | 71.18 | NOTE | |
| r-devel-linux-x86_64-fedora-clang | 0.1-12 | 21.00 | 124.12 | 145.12 | OK | |
| r-devel-linux-x86_64-fedora-gcc | 0.1-12 | 85.00 | 68.82 | 153.82 | OK | |
| r-devel-windows-x86_64 | 0.1-12 | 12.00 | 89.00 | 101.00 | OK | |
| r-patched-linux-x86_64 | 0.1-12 | 8.69 | 81.33 | 90.02 | OK | |
| r-release-linux-x86_64 | 0.1-12 | 9.02 | 82.02 | 91.04 | OK | |
| r-release-macos-arm64 | 0.1-12 | 6.00 | 43.00 | 49.00 | OK | |
| r-release-macos-x86_64 | 0.1-12 | 11.00 | 81.00 | 92.00 | OK | |
| r-release-windows-x86_64 | 0.1-12 | 11.00 | 87.00 | 98.00 | OK | |
| r-oldrel-macos-arm64 | 0.1-12 | 5.00 | 39.00 | 44.00 | OK | |
| r-oldrel-macos-x86_64 | 0.1-12 | 7.00 | 59.00 | 66.00 | OK | |
| r-oldrel-windows-x86_64 | 0.1-12 | 14.00 | 112.00 | 126.00 | OK | 
Version: 0.1-12
Check: CRAN incoming feasibility
Result: NOTE
  Maintainer: ‘Kornelius Rohmeyer <rohmeyer@small-projects.de>’
  
  No Authors@R field in DESCRIPTION.
  Please add one, modifying
    Authors@R: c(person(given = c("MuToss", "Coding"),
                        family = "Team",
                        role = "aut",
                        comment = "Berlin 2010"),
                 person(given = "Gilles",
                        family = "Blanchard",
                        role = "aut"),
                 person(given = "Thorsten",
                        family = "Dickhaus",
                        role = "aut"),
                 person(given = "Niklas",
                        family = "Hack",
                        role = "aut"),
                 person(given = "Frank",
                        family = "Konietschke",
                        role = "aut"),
                 person(given = "Kornelius",
                        family = "Rohmeyer",
                        role = c("aut", "cre"),
                        email = "rohmeyer@small-projects.de"),
                 person(given = "Jonathan",
                        family = "Rosenblatt",
                        role = "aut"),
                 person(given = "Marsel",
                        family = "Scheer",
                        role = "aut"),
                 person(given = "Wiebke",
                        family = "Werft",
                        role = "aut"))
  as necessary.
Flavors: r-devel-linux-x86_64-debian-clang, r-devel-linux-x86_64-debian-gcc