Last updated on 2025-10-31 01:49:04 CET.
| Flavor | Version | Tinstall | Tcheck | Ttotal | Status | Flags | 
|---|---|---|---|---|---|---|
| r-devel-linux-x86_64-debian-clang | 1.7 | 16.90 | 174.17 | 191.07 | NOTE | |
| r-devel-linux-x86_64-debian-gcc | 1.7 | 12.00 | 114.18 | 126.18 | NOTE | |
| r-devel-linux-x86_64-fedora-clang | 1.7 | 40.00 | 250.87 | 290.87 | OK | |
| r-devel-linux-x86_64-fedora-gcc | 1.7 | 41.00 | 236.80 | 277.80 | OK | |
| r-devel-windows-x86_64 | 1.7 | 19.00 | 180.00 | 199.00 | OK | |
| r-patched-linux-x86_64 | 1.7 | 16.95 | 160.53 | 177.48 | OK | |
| r-release-linux-x86_64 | 1.7 | 15.39 | 161.31 | 176.70 | OK | |
| r-release-macos-arm64 | 1.7 | 6.00 | 52.00 | 58.00 | OK | |
| r-release-macos-x86_64 | 1.7 | 14.00 | 109.00 | 123.00 | OK | |
| r-release-windows-x86_64 | 1.7 | 19.00 | 176.00 | 195.00 | OK | |
| r-oldrel-macos-arm64 | 1.7 | 7.00 | 57.00 | 64.00 | OK | |
| r-oldrel-macos-x86_64 | 1.7 | 11.00 | 83.00 | 94.00 | OK | |
| r-oldrel-windows-x86_64 | 1.7 | 26.00 | 230.00 | 256.00 | OK | 
Version: 1.7
Check: CRAN incoming feasibility
Result: NOTE
  Maintainer: ‘Nelson Lee Afanador <nelson.afanador@gmail.com>’
  
  No Authors@R field in DESCRIPTION.
  Please add one, modifying
    Authors@R: c(person(given = c("Nelson", "Lee"),
                        family = "Afanador",
                        role = c("aut", "cre"),
                        email = "nelson.afanador@gmail.com"),
                 person(given = "Thanh",
                        family = "Tran",
                        role = "aut"),
                 person(given = "Lionel",
                        family = "Blanchet",
                        role = "aut"),
                 person(given = "Richard",
                        family = "Baumgartner",
                        role = "aut"))
  as necessary.
Flavors: r-devel-linux-x86_64-debian-clang, r-devel-linux-x86_64-debian-gcc