CRAN Package Check Results for Package nblR

Last updated on 2025-05-01 01:49:39 CEST.

Flavor Version Tinstall Tcheck Ttotal Status Flags
r-devel-linux-x86_64-debian-clang 0.0.4 1.73 28.11 29.84 NOTE
r-devel-linux-x86_64-debian-gcc 0.0.4 1.34 21.48 22.82 OK
r-devel-linux-x86_64-fedora-clang 0.0.4 43.80 OK
r-devel-linux-x86_64-fedora-gcc 0.0.4 42.52 OK
r-devel-windows-x86_64 0.0.4 4.00 57.00 61.00 OK
r-patched-linux-x86_64 0.0.4 1.76 26.33 28.09 OK
r-release-linux-x86_64 0.0.4 1.76 26.48 28.24 OK
r-release-macos-arm64 0.0.4 30.00 OK
r-release-macos-x86_64 0.0.4 48.00 OK
r-release-windows-x86_64 0.0.4 2.00 57.00 59.00 OK
r-oldrel-macos-arm64 0.0.4 28.00 OK
r-oldrel-macos-x86_64 0.0.4 51.00 OK
r-oldrel-windows-x86_64 0.0.4 3.00 54.00 57.00 OK

Check Details

Version: 0.0.4
Check: examples
Result: NOTE Examples with CPU (user + system) or elapsed time > 5s user system elapsed nbl_pbp 5.822 0.241 7.236 Flavor: r-devel-linux-x86_64-debian-clang

Version: 0.0.4
Check: examples
Result: NA user system elapsed nbl_pbp 3.464 0.153 5.602 OK Flavor: r-devel-linux-x86_64-debian-gcc