Last updated on 2025-05-02 02:51:01 CEST.
Flavor | Version | Tinstall | Tcheck | Ttotal | Status | Flags |
---|---|---|---|---|---|---|
r-devel-linux-x86_64-debian-clang | 1.0-12 | 2.70 | 18.80 | 21.50 | NOTE | |
r-devel-linux-x86_64-debian-gcc | 1.0-12 | 2.16 | 15.46 | 17.62 | NOTE | |
r-devel-linux-x86_64-fedora-clang | 1.0-12 | 33.18 | OK | |||
r-devel-linux-x86_64-fedora-gcc | 1.0-12 | 31.13 | OK | |||
r-devel-windows-x86_64 | 1.0-12 | 6.00 | 44.00 | 50.00 | OK | |
r-patched-linux-x86_64 | 1.0-12 | 2.69 | 17.92 | 20.61 | OK | |
r-release-linux-x86_64 | OK | |||||
r-release-macos-arm64 | 1.0-12 | 19.00 | OK | |||
r-release-macos-x86_64 | 1.0-12 | 28.00 | OK | |||
r-release-windows-x86_64 | 1.0-12 | 5.00 | 50.00 | 55.00 | OK | |
r-oldrel-macos-arm64 | 1.0-12 | 16.00 | OK | |||
r-oldrel-macos-x86_64 | 1.0-12 | 25.00 | OK | |||
r-oldrel-windows-x86_64 | 1.0-12 | 6.00 | 43.00 | 49.00 | OK |
Version: 1.0-12
Check: CRAN incoming feasibility
Result: NOTE
Maintainer: ‘Karl W Broman <broman@wisc.edu>’
Package CITATION file contains call(s) to old-style personList() or
as.personList(). Please use c() on person objects instead.
Package CITATION file contains call(s) to old-style citEntry(). Please
use bibentry() instead.
Found the following URLs which should use \doi (with the DOI name only):
File ‘negenes.Rd’:
https://doi.org/10.1073/pnas.1231432100
Flavors: r-devel-linux-x86_64-debian-clang, r-devel-linux-x86_64-debian-gcc