CRAN Package Check Results for Package nhlapi

Last updated on 2025-04-30 02:50:45 CEST.

Flavor Version Tinstall Tcheck Ttotal Status Flags
r-devel-linux-x86_64-debian-clang 0.1.4 3.83 45.06 48.89 OK
r-devel-linux-x86_64-debian-gcc 0.1.4 2.70 34.52 37.22 OK
r-devel-linux-x86_64-fedora-clang 0.1.4 76.26 OK
r-devel-linux-x86_64-fedora-gcc 0.1.4 106.36 OK
r-devel-windows-x86_64 0.1.4 6.00 117.00 123.00 OK
r-patched-linux-x86_64 0.1.4 4.59 41.59 46.18 OK
r-release-linux-x86_64 0.1.4 3.40 41.51 44.91 OK
r-release-macos-arm64 0.1.4 67.00 OK
r-release-macos-x86_64 0.1.4 142.00 OK
r-release-windows-x86_64 0.1.4 6.00 97.00 103.00 OK
r-oldrel-macos-arm64 0.1.4 57.00 NOTE
r-oldrel-macos-x86_64 0.1.4 98.00 NOTE
r-oldrel-windows-x86_64 0.1.4 5.00 103.00 108.00 NOTE

Check Details

Version: 0.1.4
Check: LazyData
Result: NOTE 'LazyData' is specified without a 'data' directory Flavors: r-oldrel-macos-arm64, r-oldrel-macos-x86_64, r-oldrel-windows-x86_64