Last updated on 2025-04-15 01:50:38 CEST.
Flavor | Version | Tinstall | Tcheck | Ttotal | Status | Flags |
---|---|---|---|---|---|---|
r-devel-linux-x86_64-debian-clang | 1.1.0 | 24.25 | 82.24 | 106.49 | NOTE | |
r-devel-linux-x86_64-debian-gcc | 1.1.0 | 19.53 | 61.26 | 80.79 | NOTE | |
r-devel-linux-x86_64-fedora-clang | 1.1.0 | 181.15 | OK | |||
r-devel-linux-x86_64-fedora-gcc | 1.1.0 | 172.08 | OK | |||
r-devel-windows-x86_64 | 1.1.0 | 28.00 | 112.00 | 140.00 | NOTE | |
r-patched-linux-x86_64 | 1.1.0 | 25.63 | 79.24 | 104.87 | NOTE | |
r-release-linux-x86_64 | 1.1.0 | 25.28 | 78.92 | 104.20 | NOTE | |
r-release-macos-arm64 | 1.1.0 | 55.00 | OK | |||
r-release-macos-x86_64 | 1.1.0 | 96.00 | OK | |||
r-release-windows-x86_64 | 1.1.0 | 30.00 | 116.00 | 146.00 | NOTE | |
r-oldrel-macos-arm64 | 1.1.0 | 48.00 | OK | |||
r-oldrel-macos-x86_64 | 1.1.0 | 71.00 | OK | |||
r-oldrel-windows-x86_64 | 1.1.0 | 36.00 | 143.00 | 179.00 | OK |
Version: 1.1.0
Check: Rd cross-references
Result: NOTE
Found the following Rd file(s) with Rd \link{} targets missing package
anchors:
generate.data.Rd: rmvnorm, rmvt
nlmm.Rd: varFunc, varFixed, varClasses, summary.varFunc,
varWeights.varFunc, coef.varFunc
nlmmControl.Rd: lme, lmeControl
Please provide package anchors for all Rd \link{} targets not in the
package itself and the base packages.
Flavors: r-devel-linux-x86_64-debian-clang, r-devel-linux-x86_64-debian-gcc, r-devel-windows-x86_64, r-patched-linux-x86_64, r-release-linux-x86_64, r-release-windows-x86_64