Last updated on 2025-04-30 01:50:29 CEST.
Flavor | Version | Tinstall | Tcheck | Ttotal | Status | Flags |
---|---|---|---|---|---|---|
r-devel-linux-x86_64-debian-clang | 1.7 | 4.71 | 57.24 | 61.95 | NOTE | |
r-devel-linux-x86_64-debian-gcc | 1.7 | 2.79 | 44.78 | 47.57 | NOTE | |
r-devel-linux-x86_64-fedora-clang | 1.7 | 100.01 | OK | |||
r-devel-linux-x86_64-fedora-gcc | 1.7 | 107.60 | OK | |||
r-devel-windows-x86_64 | 1.7 | 6.00 | 87.00 | 93.00 | OK | |
r-patched-linux-x86_64 | 1.7 | 5.03 | 55.62 | 60.65 | OK | |
r-release-linux-x86_64 | 1.7 | 4.19 | 54.89 | 59.08 | OK | |
r-release-macos-arm64 | 1.7 | 40.00 | OK | |||
r-release-macos-x86_64 | 1.7 | 69.00 | OK | |||
r-release-windows-x86_64 | 1.7 | 6.00 | 82.00 | 88.00 | OK | |
r-oldrel-macos-arm64 | 1.7 | 37.00 | OK | |||
r-oldrel-macos-x86_64 | 1.7 | 55.00 | OK | |||
r-oldrel-windows-x86_64 | 1.7 | 6.00 | 87.00 | 93.00 | OK |
Version: 1.7
Check: CRAN incoming feasibility
Result: NOTE
Maintainer: ‘Daniel Greene <dg333@cam.ac.uk>’
No Authors@R field in DESCRIPTION.
Please add one, modifying
Authors@R: person(given = "Daniel",
family = "Greene",
role = c("aut", "cre"),
email = "dg333@cam.ac.uk")
as necessary.
Flavors: r-devel-linux-x86_64-debian-clang, r-devel-linux-x86_64-debian-gcc