Last updated on 2025-10-24 01:50:34 CEST.
| Flavor | Version | Tinstall | Tcheck | Ttotal | Status | Flags |
|---|---|---|---|---|---|---|
| r-devel-linux-x86_64-debian-clang | 0.1.0 | 1.66 | 18.81 | 20.47 | OK | |
| r-devel-linux-x86_64-debian-gcc | 0.1.0 | 1.51 | 16.01 | 17.52 | OK | |
| r-devel-linux-x86_64-fedora-clang | 0.1.0 | 32.19 | OK | |||
| r-devel-linux-x86_64-fedora-gcc | 0.1.0 | 31.05 | OK | |||
| r-devel-windows-x86_64 | 0.1.0 | 3.00 | 39.00 | 42.00 | OK | |
| r-patched-linux-x86_64 | 0.1.0 | 1.63 | 17.70 | 19.33 | OK | |
| r-release-linux-x86_64 | 0.1.0 | 1.43 | 17.69 | 19.12 | OK | |
| r-release-macos-arm64 | 0.1.0 | 1.00 | 12.00 | 13.00 | OK | |
| r-release-macos-x86_64 | 0.1.0 | 2.00 | 19.00 | 21.00 | OK | |
| r-release-windows-x86_64 | 0.1.0 | 3.00 | 130.00 | 133.00 | OK | |
| r-oldrel-macos-arm64 | 0.1.0 | 1.00 | 12.00 | 13.00 | NOTE | |
| r-oldrel-macos-x86_64 | 0.1.0 | 1.00 | 17.00 | 18.00 | NOTE | |
| r-oldrel-windows-x86_64 | 0.1.0 | 3.00 | 42.00 | 45.00 | NOTE |
Version: 0.1.0
Check: package dependencies
Result: NOTE
Package suggested but not available for checking: ‘Rcplex’
Flavors: r-oldrel-macos-arm64, r-oldrel-macos-x86_64, r-oldrel-windows-x86_64